CRAN Package Check Results for Package CCA

Last updated on 2025-07-25 09:50:43 CEST.

Flavor Version Tinstall Tcheck Ttotal Status Flags
r-devel-linux-x86_64-debian-clang 1.2.2 9.83 82.28 92.11 NOTE
r-devel-linux-x86_64-debian-gcc 1.2.2 6.69 59.59 66.28 NOTE
r-devel-linux-x86_64-fedora-clang 1.2.2 142.22 OK
r-devel-linux-x86_64-fedora-gcc 1.2.2 139.61 OK
r-devel-windows-x86_64 1.2.2 11.00 90.00 101.00 OK
r-patched-linux-x86_64 1.2.2 10.24 77.84 88.08 OK
r-release-linux-x86_64 1.2.2 9.67 77.46 87.13 OK
r-release-macos-arm64 1.2.2 44.00 OK
r-release-macos-x86_64 1.2.2 75.00 OK
r-release-windows-x86_64 1.2.2 11.00 89.00 100.00 OK
r-oldrel-macos-arm64 1.2.2 40.00 OK
r-oldrel-macos-x86_64 1.2.2 59.00 OK
r-oldrel-windows-x86_64 1.2.2 15.00 107.00 122.00 OK

Check Details

Version: 1.2.2
Check: CRAN incoming feasibility
Result: NOTE Maintainer: ‘Sébastien Déjean <sebastien.dejean@math.univ-toulouse.fr>’ No Authors@R field in DESCRIPTION. Please add one, modifying Authors@R: c(person(given = "Ignacio", family = "González", role = "aut"), person(given = "Sébastien", family = "Déjean", role = c("aut", "cre"), email = "sebastien.dejean@math.univ-toulouse.fr")) as necessary. Flavors: r-devel-linux-x86_64-debian-clang, r-devel-linux-x86_64-debian-gcc