CRAN Package Check Results for Package ExpRep

Last updated on 2025-07-23 09:51:07 CEST.

Flavor Version Tinstall Tcheck Ttotal Status Flags
r-devel-linux-x86_64-debian-clang 1.0 1.93 19.87 21.80 NOTE
r-devel-linux-x86_64-debian-gcc 1.0 1.61 15.69 17.30 NOTE
r-devel-linux-x86_64-fedora-clang 1.0 35.28 OK
r-devel-linux-x86_64-fedora-gcc 1.0 31.59 OK
r-devel-windows-x86_64 1.0 4.00 36.00 40.00 OK
r-patched-linux-x86_64 1.0 2.13 18.45 20.58 OK
r-release-linux-x86_64 1.0 1.76 18.40 20.16 OK
r-release-macos-arm64 1.0 16.00 OK
r-release-macos-x86_64 1.0 30.00 OK
r-release-windows-x86_64 1.0 4.00 38.00 42.00 OK
r-oldrel-macos-arm64 1.0 14.00 OK
r-oldrel-macos-x86_64 1.0 22.00 OK
r-oldrel-windows-x86_64 1.0 3.00 36.00 39.00 OK

Check Details

Version: 1.0
Check: CRAN incoming feasibility
Result: NOTE Maintainer: ‘Larisa Zamora-Matamoros <larisa@uo.edu.cu>’ No Authors@R field in DESCRIPTION. Please add one, modifying Authors@R: c(person(given = "Larisa", family = "Zamora-Matamoros", role = c("aut", "cre"), email = "larisa@uo.edu.cu"), person(given = "Jorge", family = "Diaz-Silvera", role = "aut")) as necessary. Flavors: r-devel-linux-x86_64-debian-clang, r-devel-linux-x86_64-debian-gcc