Last updated on 2025-07-24 09:49:57 CEST.
Flavor | Version | Tinstall | Tcheck | Ttotal | Status | Flags |
---|---|---|---|---|---|---|
r-devel-linux-x86_64-debian-clang | 3.2 | 15.66 | 139.89 | 155.55 | NOTE | |
r-devel-linux-x86_64-debian-gcc | 3.2 | 9.56 | 91.36 | 100.92 | NOTE | |
r-devel-linux-x86_64-fedora-clang | 3.2 | 251.44 | OK | |||
r-devel-linux-x86_64-fedora-gcc | 3.2 | 238.09 | OK | |||
r-devel-windows-x86_64 | 3.2 | 15.00 | 145.00 | 160.00 | OK | |
r-patched-linux-x86_64 | 3.2 | 15.23 | 130.72 | 145.95 | OK | |
r-release-linux-x86_64 | 3.2 | 13.57 | 130.44 | 144.01 | OK | |
r-release-macos-arm64 | 3.2 | 65.00 | OK | |||
r-release-macos-x86_64 | 3.2 | 123.00 | OK | |||
r-release-windows-x86_64 | 3.2 | 15.00 | 143.00 | 158.00 | OK | |
r-oldrel-macos-arm64 | 3.2 | 62.00 | OK | |||
r-oldrel-macos-x86_64 | 3.2 | 176.00 | OK | |||
r-oldrel-windows-x86_64 | 3.2 | 21.00 | 183.00 | 204.00 | OK |
Version: 3.2
Check: CRAN incoming feasibility
Result: NOTE
Maintainer: ‘Yun-Hee Choi <yun-hee.choi@schulich.uwo.ca>’
No Authors@R field in DESCRIPTION.
Please add one, modifying
Authors@R: c(person(given = "Yun-Hee",
family = "Choi",
role = c("aut", "cre"),
email = "yun-hee.choi@schulich.uwo.ca"),
person(given = "Karen",
family = "Kopciuk",
role = "aut"),
person(given = "Wenqing",
family = "He",
role = "aut"),
person(given = "Laurent",
family = "Briollais",
role = "aut"))
as necessary.
Flavors: r-devel-linux-x86_64-debian-clang, r-devel-linux-x86_64-debian-gcc