CRAN Package Check Results for Package GMPro

Last updated on 2025-07-24 09:49:59 CEST.

Flavor Version Tinstall Tcheck Ttotal Status Flags
r-devel-linux-x86_64-debian-clang 0.1.0 4.34 53.71 58.05 NOTE
r-devel-linux-x86_64-debian-gcc 0.1.0 2.41 36.79 39.20 NOTE
r-devel-linux-x86_64-fedora-clang 0.1.0 88.05 OK
r-devel-linux-x86_64-fedora-gcc 0.1.0 84.39 OK
r-devel-windows-x86_64 0.1.0 5.00 68.00 73.00 OK
r-patched-linux-x86_64 0.1.0 4.31 50.07 54.38 OK
r-release-linux-x86_64 0.1.0 4.15 50.31 54.46 OK
r-release-macos-arm64 0.1.0 36.00 OK
r-release-macos-x86_64 0.1.0 55.00 OK
r-release-windows-x86_64 0.1.0 6.00 66.00 72.00 OK
r-oldrel-macos-arm64 0.1.0 28.00 NOTE
r-oldrel-macos-x86_64 0.1.0 42.00 NOTE
r-oldrel-windows-x86_64 0.1.0 6.00 79.00 85.00 NOTE

Check Details

Version: 0.1.0
Check: CRAN incoming feasibility
Result: NOTE Maintainer: ‘Yaofang Hu <yaofang.hu@u.nus.edu>’ The Description field contains <arXiv:2006.03284>. Please refer to arXiv e-prints via their arXiv DOI <doi:10.48550/arXiv.YYMM.NNNNN>. Flavors: r-devel-linux-x86_64-debian-clang, r-devel-linux-x86_64-debian-gcc

Version: 0.1.0
Check: LazyData
Result: NOTE 'LazyData' is specified without a 'data' directory Flavors: r-oldrel-macos-arm64, r-oldrel-macos-x86_64, r-oldrel-windows-x86_64