Last updated on 2025-07-25 09:50:49 CEST.
Flavor | Version | Tinstall | Tcheck | Ttotal | Status | Flags |
---|---|---|---|---|---|---|
r-devel-linux-x86_64-debian-clang | 1.4.2 | 11.20 | 86.09 | 97.29 | OK | |
r-devel-linux-x86_64-debian-gcc | 1.4.2 | 6.30 | 57.91 | 64.21 | OK | |
r-devel-linux-x86_64-fedora-clang | 1.4.2 | 154.57 | OK | |||
r-devel-linux-x86_64-fedora-gcc | 1.4.2 | 144.67 | OK | |||
r-devel-windows-x86_64 | 1.4.2 | 11.00 | 110.00 | 121.00 | OK | |
r-patched-linux-x86_64 | 1.4.2 | 10.36 | 79.70 | 90.06 | OK | |
r-release-linux-x86_64 | 1.4.0 | 9.09 | 77.89 | 86.98 | NOTE | |
r-release-macos-arm64 | 1.4.0 | 40.00 | OK | |||
r-release-macos-x86_64 | 1.4.2 | 78.00 | OK | |||
r-release-windows-x86_64 | 1.4.2 | 13.00 | 100.00 | 113.00 | OK | |
r-oldrel-macos-arm64 | 1.4.0 | 39.00 | OK | |||
r-oldrel-macos-x86_64 | 1.4.2 | 89.00 | OK | |||
r-oldrel-windows-x86_64 | 1.4.2 | 16.00 | 122.00 | 138.00 | OK |
Version: 1.4.0
Check: Rd cross-references
Result: NOTE
Found the following Rd file(s) with Rd \link{} targets missing package
anchors:
csmf.diag.Rd: heidel.diag, gelman.diag
Please provide package anchors for all Rd \link{} targets not in the
package itself and the base packages.
Flavor: r-release-linux-x86_64