Last updated on 2025-07-23 09:51:11 CEST.
Flavor | Version | Tinstall | Tcheck | Ttotal | Status | Flags |
---|---|---|---|---|---|---|
r-devel-linux-x86_64-debian-clang | 1.0.2 | 7.80 | 73.01 | 80.81 | NOTE | |
r-devel-linux-x86_64-debian-gcc | 1.0.3 | 5.91 | 53.56 | 59.47 | OK | |
r-devel-linux-x86_64-fedora-clang | 1.0.3 | 126.34 | OK | |||
r-devel-linux-x86_64-fedora-gcc | 1.0.3 | 125.30 | OK | |||
r-devel-windows-x86_64 | 1.0.3 | 11.00 | 93.00 | 104.00 | OK | |
r-patched-linux-x86_64 | 1.0.2 | 8.30 | 68.93 | 77.23 | NOTE | |
r-release-linux-x86_64 | 1.0.2 | 8.42 | 67.90 | 76.32 | NOTE | |
r-release-macos-arm64 | 1.0.2 | 36.00 | OK | |||
r-release-macos-x86_64 | 1.0.3 | 72.00 | OK | |||
r-release-windows-x86_64 | 1.0.3 | 12.00 | 81.00 | 93.00 | OK | |
r-oldrel-macos-arm64 | 1.0.2 | 37.00 | OK | |||
r-oldrel-macos-x86_64 | 1.0.3 | 69.00 | OK | |||
r-oldrel-windows-x86_64 | 1.0.3 | 13.00 | 98.00 | 111.00 | OK |
Version: 1.0.2
Check: Rd cross-references
Result: NOTE
Found the following Rd file(s) with Rd \link{} targets missing package
anchors:
createFastIhtPrior.Rd: fitCyclopsModel
createIhtPrior.Rd: fitCyclopsModel
Please provide package anchors for all Rd \link{} targets not in the
package itself and the base packages.
Flavors: r-devel-linux-x86_64-debian-clang, r-patched-linux-x86_64, r-release-linux-x86_64