CRAN Package Check Results for Package MCID

Last updated on 2025-07-23 09:51:13 CEST.

Flavor Version Tinstall Tcheck Ttotal Status Flags
r-devel-linux-x86_64-debian-clang 0.1.0 2.24 22.47 24.71 NOTE
r-devel-linux-x86_64-debian-gcc 0.1.0 1.67 18.04 19.71 NOTE
r-devel-linux-x86_64-fedora-clang 0.1.0 39.16 OK
r-devel-linux-x86_64-fedora-gcc 0.1.0 35.07 OK
r-devel-windows-x86_64 0.1.0 3.00 42.00 45.00 OK
r-patched-linux-x86_64 0.1.0 2.10 20.57 22.67 OK
r-release-linux-x86_64 0.1.0 2.15 20.50 22.65 OK
r-release-macos-arm64 0.1.0 28.00 OK
r-release-macos-x86_64 0.1.0 25.00 OK
r-release-windows-x86_64 0.1.0 3.00 44.00 47.00 OK
r-oldrel-macos-arm64 0.1.0 16.00 OK
r-oldrel-macos-x86_64 0.1.0 31.00 OK
r-oldrel-windows-x86_64 0.1.0 4.00 43.00 47.00 OK

Check Details

Version: 0.1.0
Check: CRAN incoming feasibility
Result: NOTE Maintainer: ‘Zehua Zhou <zehuazho@buffalo.edu>’ The Description field contains Bisson and Jiwei Zhao (2021) <arXiv:2108.11589>. Please refer to arXiv e-prints via their arXiv DOI <doi:10.48550/arXiv.YYMM.NNNNN>. Flavors: r-devel-linux-x86_64-debian-clang, r-devel-linux-x86_64-debian-gcc