CRAN Package Check Results for Package MixtureFitting

Last updated on 2025-07-23 09:51:13 CEST.

Flavor Version Tinstall Tcheck Ttotal Status Flags
r-devel-linux-x86_64-debian-clang 0.6.1 5.19 48.70 53.89 OK
r-devel-linux-x86_64-debian-gcc 0.6.1 4.39 34.77 39.16 OK
r-devel-linux-x86_64-fedora-clang 0.6.1 86.99 NOTE
r-devel-linux-x86_64-fedora-gcc 0.6.1 85.59 NOTE
r-devel-windows-x86_64 0.6.1 7.00 75.00 82.00 OK
r-patched-linux-x86_64 0.6.1 6.69 45.73 52.42 OK
r-release-linux-x86_64 0.6.1 5.39 46.63 52.02 OK
r-release-macos-arm64 0.6.1 28.00 OK
r-release-macos-x86_64 0.6.1 47.00 OK
r-release-windows-x86_64 0.6.1 10.00 72.00 82.00 OK
r-oldrel-macos-arm64 0.6.1 31.00 OK
r-oldrel-macos-x86_64 0.6.1 48.00 OK
r-oldrel-windows-x86_64 0.6.1 15.00 85.00 100.00 OK

Check Details

Version: 0.6.1
Check: compiled code
Result: NOTE File ‘MixtureFitting/libs/MixtureFitting.so’: Found no calls to: ‘R_registerRoutines’, ‘R_useDynamicSymbols’ It is good practice to register native routines and to disable symbol search. See ‘Writing portable packages’ in the ‘Writing R Extensions’ manual. Flavors: r-devel-linux-x86_64-fedora-clang, r-devel-linux-x86_64-fedora-gcc