Last updated on 2025-07-23 09:51:14 CEST.
Flavor | Version | Tinstall | Tcheck | Ttotal | Status | Flags |
---|---|---|---|---|---|---|
r-devel-linux-x86_64-debian-clang | 0.5.0 | 13.43 | 198.30 | 211.73 | NOTE | |
r-devel-linux-x86_64-debian-gcc | 0.5.0 | 9.06 | 138.75 | 147.81 | NOTE | |
r-devel-linux-x86_64-fedora-clang | 0.5.0 | 332.88 | OK | |||
r-devel-linux-x86_64-fedora-gcc | 0.5.0 | 327.51 | OK | |||
r-devel-windows-x86_64 | 0.5.0 | 15.00 | 187.00 | 202.00 | NOTE | |
r-patched-linux-x86_64 | 0.5.0 | 13.00 | 187.35 | 200.35 | NOTE | |
r-release-linux-x86_64 | 0.5.0 | 12.08 | 185.60 | 197.68 | NOTE | |
r-release-macos-arm64 | 0.5.0 | 90.00 | OK | |||
r-release-macos-x86_64 | 0.5.0 | 163.00 | OK | |||
r-release-windows-x86_64 | 0.5.0 | 16.00 | 188.00 | 204.00 | NOTE | |
r-oldrel-macos-arm64 | 0.5.0 | 78.00 | OK | |||
r-oldrel-macos-x86_64 | 0.5.0 | 131.00 | OK | |||
r-oldrel-windows-x86_64 | 0.5.0 | 21.00 | 243.00 | 264.00 | OK |
Version: 0.5.0
Check: Rd cross-references
Result: NOTE
Found the following Rd file(s) with Rd \link{} targets missing package
anchors:
ComponentesPrincipais.Misto.Rd: PCAmix
Please provide package anchors for all Rd \link{} targets not in the
package itself and the base packages.
Flavors: r-devel-linux-x86_64-debian-clang, r-devel-linux-x86_64-debian-gcc, r-devel-windows-x86_64, r-patched-linux-x86_64, r-release-linux-x86_64, r-release-windows-x86_64