Last updated on 2025-07-24 09:50:04 CEST.
Flavor | Version | Tinstall | Tcheck | Ttotal | Status | Flags |
---|---|---|---|---|---|---|
r-devel-linux-x86_64-debian-clang | 1.0.4 | 17.13 | 83.49 | 100.62 | OK | |
r-devel-linux-x86_64-debian-gcc | 1.0.4 | 10.01 | 58.04 | 68.05 | OK | |
r-devel-linux-x86_64-fedora-clang | 1.0.4 | 156.05 | OK | |||
r-devel-linux-x86_64-fedora-gcc | 1.0.4 | 151.67 | OK | |||
r-devel-windows-x86_64 | 1.0.4 | 24.00 | 139.00 | 163.00 | OK | |
r-patched-linux-x86_64 | 1.0.4 | 18.43 | 78.09 | 96.52 | OK | |
r-release-linux-x86_64 | 1.0.4 | 15.46 | 78.82 | 94.28 | OK | |
r-release-macos-arm64 | 1.0.4 | 50.00 | OK | |||
r-release-macos-x86_64 | 1.0.4 | 88.00 | OK | |||
r-release-windows-x86_64 | 1.0.4 | 22.00 | 142.00 | 164.00 | OK | |
r-oldrel-macos-arm64 | 1.0.4 | 44.00 | NOTE | |||
r-oldrel-macos-x86_64 | 1.0.4 | 101.00 | NOTE | |||
r-oldrel-windows-x86_64 | 1.0.4 | 29.00 | 159.00 | 188.00 | NOTE |
Version: 1.0.4
Check: package dependencies
Result: NOTE
Packages which this enhances but not available for checking:
'NGCHMDemoData', 'NGCHMSupportFiles'
Flavors: r-oldrel-macos-arm64, r-oldrel-macos-x86_64, r-oldrel-windows-x86_64