CRAN Package Check Results for Package OOBCurve

Last updated on 2025-07-23 09:51:15 CEST.

Flavor Version Tinstall Tcheck Ttotal Status Flags
r-devel-linux-x86_64-debian-clang 0.3 9.48 92.14 101.62 OK
r-devel-linux-x86_64-debian-gcc 0.3 7.31 63.47 70.78 OK
r-devel-linux-x86_64-fedora-clang 0.3 149.78 NOTE
r-devel-linux-x86_64-fedora-gcc 0.3 142.92 NOTE
r-devel-windows-x86_64 0.3 12.00 89.00 101.00 OK
r-patched-linux-x86_64 0.3 9.38 82.65 92.03 OK
r-release-linux-x86_64 0.3 7.89 82.67 90.56 OK
r-release-macos-arm64 0.3 41.00 OK
r-release-macos-x86_64 0.3 77.00 OK
r-release-windows-x86_64 0.3 11.00 90.00 101.00 OK
r-oldrel-macos-arm64 0.3 40.00 NOTE
r-oldrel-macos-x86_64 0.3 63.00 NOTE
r-oldrel-windows-x86_64 0.3 14.00 112.00 126.00 NOTE

Check Details

Version: 0.3
Check: dependencies in R code
Result: NOTE Namespaces in Imports field not imported from: ‘randomForest’ ‘ranger’ All declared Imports should be used. Flavors: r-devel-linux-x86_64-fedora-clang, r-devel-linux-x86_64-fedora-gcc

Version: 0.3
Check: LazyData
Result: NOTE 'LazyData' is specified without a 'data' directory Flavors: r-oldrel-macos-arm64, r-oldrel-macos-x86_64, r-oldrel-windows-x86_64