CRAN Package Check Results for Package PTwins

Last updated on 2025-07-24 09:50:08 CEST.

Flavor Version Tinstall Tcheck Ttotal Status Flags
r-devel-linux-x86_64-debian-clang 0.1.1 1.66 16.60 18.26 OK
r-devel-linux-x86_64-debian-gcc 0.1.1 1.37 14.02 15.39 OK
r-devel-linux-x86_64-fedora-clang 0.1.1 28.00 OK
r-devel-linux-x86_64-fedora-gcc 0.1.1 26.95 OK
r-devel-windows-x86_64 0.1.1 5.00 33.00 38.00 OK
r-patched-linux-x86_64 0.1.1 1.64 15.56 17.20 OK
r-release-linux-x86_64 0.1.1 1.48 15.43 16.91 OK
r-release-macos-arm64 0.1.1 16.00 OK
r-release-macos-x86_64 0.1.1 22.00 OK
r-release-windows-x86_64 0.1.1 2.00 33.00 35.00 OK
r-oldrel-macos-arm64 0.1.1 15.00 NOTE
r-oldrel-macos-x86_64 0.1.1 20.00 NOTE
r-oldrel-windows-x86_64 0.1.1 2.00 33.00 35.00 NOTE

Check Details

Version: 0.1.1
Check: LazyData
Result: NOTE 'LazyData' is specified without a 'data' directory Flavors: r-oldrel-macos-arm64, r-oldrel-macos-x86_64, r-oldrel-windows-x86_64