Last updated on 2025-07-23 09:51:16 CEST.
Flavor | Version | Tinstall | Tcheck | Ttotal | Status | Flags |
---|---|---|---|---|---|---|
r-devel-linux-x86_64-debian-clang | 0.1-0 | 4.38 | 29.24 | 33.62 | NOTE | |
r-devel-linux-x86_64-debian-gcc | 0.1-0 | 3.42 | 22.40 | 25.82 | NOTE | |
r-devel-linux-x86_64-fedora-clang | 0.1-0 | 51.95 | OK | |||
r-devel-linux-x86_64-fedora-gcc | 0.1-0 | 51.13 | OK | |||
r-devel-windows-x86_64 | 0.1-0 | 6.00 | 51.00 | 57.00 | OK | |
r-patched-linux-x86_64 | 0.1-0 | 4.84 | 27.91 | 32.75 | OK | |
r-release-linux-x86_64 | 0.1-0 | 4.53 | 26.73 | 31.26 | OK | |
r-release-macos-arm64 | 0.1-0 | 20.00 | OK | |||
r-release-macos-x86_64 | 0.1-0 | 34.00 | OK | |||
r-release-windows-x86_64 | 0.1-0 | 7.00 | 53.00 | 60.00 | OK | |
r-oldrel-macos-arm64 | 0.1-0 | 22.00 | OK | |||
r-oldrel-macos-x86_64 | 0.1-0 | 32.00 | OK | |||
r-oldrel-windows-x86_64 | 0.1-0 | 6.00 | 51.00 | 57.00 | OK |
Version: 0.1-0
Check: CRAN incoming feasibility
Result: NOTE
Maintainer: ‘Chris Salahub <chris.salahub@uwaterloo.ca>’
The Description field contains
in Salahub and Olford (2023) <arXiv:2310.16600>. This package provides
Please refer to arXiv e-prints via their arXiv DOI <doi:10.48550/arXiv.YYMM.NNNNN>.
Flavors: r-devel-linux-x86_64-debian-clang, r-devel-linux-x86_64-debian-gcc