CRAN Package Check Results for Package QregBB

Last updated on 2025-07-25 09:50:55 CEST.

Flavor Version Tinstall Tcheck Ttotal Status Flags
r-devel-linux-x86_64-debian-clang 1.0.0 7.98 72.09 80.07 NOTE
r-devel-linux-x86_64-debian-gcc 1.0.0 6.07 52.85 58.92 NOTE
r-devel-linux-x86_64-fedora-clang 1.0.0 123.13 OK
r-devel-linux-x86_64-fedora-gcc 1.0.0 117.90 OK
r-devel-windows-x86_64 1.0.0 10.00 81.00 91.00 OK
r-patched-linux-x86_64 1.0.0 7.46 68.41 75.87 OK
r-release-linux-x86_64 1.0.0 8.19 68.21 76.40 OK
r-release-macos-arm64 1.0.0 41.00 OK
r-release-macos-x86_64 1.0.0 89.00 OK
r-release-windows-x86_64 1.0.0 12.00 85.00 97.00 OK
r-oldrel-macos-arm64 1.0.0 34.00 OK
r-oldrel-macos-x86_64 1.0.0 56.00 OK
r-oldrel-windows-x86_64 1.0.0 14.00 99.00 113.00 OK

Check Details

Version: 1.0.0
Check: CRAN incoming feasibility
Result: NOTE Maintainer: ‘Karl Gregory <gregorkb@stat.sc.edu>’ No Authors@R field in DESCRIPTION. Please add one, modifying Authors@R: person(given = "Karl", family = "Gregory", role = c("aut", "cre"), email = "gregorkb@stat.sc.edu") as necessary. Flavors: r-devel-linux-x86_64-debian-clang, r-devel-linux-x86_64-debian-gcc