Last updated on 2025-07-25 09:50:55 CEST.
Flavor | Version | Tinstall | Tcheck | Ttotal | Status | Flags |
---|---|---|---|---|---|---|
r-devel-linux-x86_64-debian-clang | 0.1.18 | 2.72 | 27.47 | 30.19 | NOTE | |
r-devel-linux-x86_64-debian-gcc | 0.1.18 | 2.14 | 22.44 | 24.58 | NOTE | |
r-devel-linux-x86_64-fedora-clang | 0.1.18 | 44.50 | OK | |||
r-devel-linux-x86_64-fedora-gcc | 0.1.18 | 42.53 | OK | |||
r-devel-windows-x86_64 | 0.1.18 | 6.00 | 47.00 | 53.00 | OK | |
r-patched-linux-x86_64 | 0.1.18 | 2.62 | 25.19 | 27.81 | OK | |
r-release-linux-x86_64 | 0.1.18 | 2.58 | 25.41 | 27.99 | OK | |
r-release-macos-arm64 | 0.1.18 | 17.00 | OK | |||
r-release-macos-x86_64 | 0.1.18 | 30.00 | OK | |||
r-release-windows-x86_64 | 0.1.18 | 4.00 | 47.00 | 51.00 | OK | |
r-oldrel-macos-arm64 | 0.1.18 | 17.00 | OK | |||
r-oldrel-macos-x86_64 | 0.1.18 | 30.00 | OK | |||
r-oldrel-windows-x86_64 | 0.1.18 | 4.00 | 52.00 | 56.00 | OK |
Version: 0.1.18
Check: CRAN incoming feasibility
Result: NOTE
Maintainer: ‘Johannes Burkhardt <johannes.burkhardt@gmail.com>’
No Authors@R field in DESCRIPTION.
Please add one, modifying
Authors@R: c(person(given = "Johannes",
family = "Burkhardt",
role = c("aut", "cre"),
email = "johannes.burkhardt@gmail.com"),
person(given = "Matthias",
family = "Bannert",
role = "aut",
email = "matthias.bannert@gmail.com"))
as necessary.
Flavors: r-devel-linux-x86_64-debian-clang, r-devel-linux-x86_64-debian-gcc