CRAN Package Check Results for Package RcppXPtrUtils

Last updated on 2025-07-23 09:51:18 CEST.

Flavor Version Tinstall Tcheck Ttotal Status Flags
r-devel-linux-x86_64-debian-clang 0.1.2 1.40 30.02 31.42 NOTE
r-devel-linux-x86_64-debian-gcc 0.1.3 1.34 22.77 24.11 OK
r-devel-linux-x86_64-fedora-clang 0.1.3 52.15 OK
r-devel-linux-x86_64-fedora-gcc 0.1.3 48.00 OK
r-devel-windows-x86_64 0.1.3 5.00 66.00 71.00 OK
r-patched-linux-x86_64 0.1.2 1.68 27.49 29.17 NOTE
r-release-linux-x86_64 0.1.2 1.20 27.24 28.44 NOTE
r-release-macos-arm64 0.1.2 21.00 OK
r-release-macos-x86_64 0.1.3 88.00 OK
r-release-windows-x86_64 0.1.3 3.00 53.00 56.00 OK
r-oldrel-macos-arm64 0.1.2 20.00 OK
r-oldrel-macos-x86_64 0.1.3 70.00 OK
r-oldrel-windows-x86_64 0.1.3 4.00 58.00 62.00 OK

Check Details

Version: 0.1.2
Check: Rd cross-references
Result: NOTE Found the following Rd file(s) with Rd \link{} targets missing package anchors: cppXPtr.Rd: cppFunction Please provide package anchors for all Rd \link{} targets not in the package itself and the base packages. Flavors: r-devel-linux-x86_64-debian-clang, r-patched-linux-x86_64, r-release-linux-x86_64