Last updated on 2025-07-23 09:51:20 CEST.
Flavor | Version | Tinstall | Tcheck | Ttotal | Status | Flags |
---|---|---|---|---|---|---|
r-devel-linux-x86_64-debian-clang | 0.0.0.9 | 82.94 | 37.10 | 120.04 | OK | |
r-devel-linux-x86_64-debian-gcc | 0.0.0.9 | 63.60 | 28.34 | 91.94 | OK | |
r-devel-linux-x86_64-fedora-clang | 0.0.1 | 219.96 | OK | |||
r-devel-linux-x86_64-fedora-gcc | 0.0.1 | 234.81 | OK | |||
r-devel-windows-x86_64 | 0.0.0.9 | 91.00 | 88.00 | 179.00 | OK | |
r-patched-linux-x86_64 | 0.0.0.9 | 93.12 | 35.02 | 128.14 | OK | |
r-release-linux-x86_64 | 0.0.0.9 | 93.19 | 34.62 | 127.81 | OK | |
r-release-macos-arm64 | 0.0.0.9 | 55.00 | OK | |||
r-release-macos-x86_64 | 0.0.1 | 90.00 | OK | |||
r-release-windows-x86_64 | 0.0.1 | 93.00 | 82.00 | 175.00 | OK | |
r-oldrel-macos-arm64 | 0.0.0.9 | 53.00 | NOTE | |||
r-oldrel-macos-x86_64 | 0.0.1 | 77.00 | NOTE | |||
r-oldrel-windows-x86_64 | 0.0.1 | 97.00 | 99.00 | 196.00 | OK |
Version: 0.0.0.9
Check: installed package size
Result: NOTE
installed size is 7.5Mb
sub-directories of 1Mb or more:
libs 7.3Mb
Flavor: r-oldrel-macos-arm64
Version: 0.0.1
Check: installed package size
Result: NOTE
installed size is 7.1Mb
sub-directories of 1Mb or more:
libs 6.9Mb
Flavor: r-oldrel-macos-x86_64