CRAN Package Check Results for Package TBEST

Last updated on 2025-07-25 09:51:00 CEST.

Flavor Version Tinstall Tcheck Ttotal Status Flags
r-devel-linux-x86_64-debian-clang 5.2 3.73 29.74 33.47 NOTE
r-devel-linux-x86_64-debian-gcc 5.2 2.49 22.74 25.23 NOTE
r-devel-linux-x86_64-fedora-clang 5.2 52.07 OK
r-devel-linux-x86_64-fedora-gcc 5.2 49.06 OK
r-devel-windows-x86_64 5.2 5.00 167.00 172.00 OK
r-patched-linux-x86_64 5.2 3.60 27.80 31.40 OK
r-release-linux-x86_64 5.2 3.33 27.75 31.08 OK
r-release-macos-arm64 5.2 21.00 OK
r-release-macos-x86_64 5.2 37.00 OK
r-release-windows-x86_64 5.2 4.00 58.00 62.00 OK
r-oldrel-macos-arm64 5.2 19.00 OK
r-oldrel-macos-x86_64 5.2 38.00 OK
r-oldrel-windows-x86_64 5.2 4.00 58.00 62.00 OK

Check Details

Version: 5.2
Check: CRAN incoming feasibility
Result: NOTE Maintainer: ‘Guoli Sun <guolisun87@gmail.com>’ No Authors@R field in DESCRIPTION. Please add one, modifying Authors@R: c(person(given = "Guoli", family = "Sun", role = c("aut", "cre"), email = "guolisun87@gmail.com"), person(given = "Alex", family = "Krasnitz", role = "aut")) as necessary. Flavors: r-devel-linux-x86_64-debian-clang, r-devel-linux-x86_64-debian-gcc