Last updated on 2025-07-25 09:51:01 CEST.
Flavor | Version | Tinstall | Tcheck | Ttotal | Status | Flags |
---|---|---|---|---|---|---|
r-devel-linux-x86_64-debian-clang | 0.1.0 | 2.08 | 20.51 | 22.59 | OK | |
r-devel-linux-x86_64-debian-gcc | 0.1.0 | 1.79 | 16.38 | 18.17 | OK | |
r-devel-linux-x86_64-fedora-clang | 0.1.0 | 35.88 | NOTE | |||
r-devel-linux-x86_64-fedora-gcc | 0.1.0 | 33.34 | NOTE | |||
r-devel-windows-x86_64 | 0.1.0 | 3.00 | 42.00 | 45.00 | OK | |
r-patched-linux-x86_64 | 0.1.0 | 2.14 | 19.09 | 21.23 | OK | |
r-release-linux-x86_64 | 0.1.0 | 2.17 | 18.84 | 21.01 | OK | |
r-release-macos-arm64 | 0.1.0 | 18.00 | OK | |||
r-release-macos-x86_64 | 0.1.0 | 24.00 | OK | |||
r-release-windows-x86_64 | 0.1.0 | 3.00 | 194.00 | 197.00 | OK | |
r-oldrel-macos-arm64 | 0.1.0 | 15.00 | OK | |||
r-oldrel-macos-x86_64 | 0.1.0 | 22.00 | OK | |||
r-oldrel-windows-x86_64 | 0.1.0 | 4.00 | 158.00 | 162.00 | OK |
Version: 0.1.0
Check: dependencies in R code
Result: NOTE
Namespace in Imports field not imported from: ‘stats’
All declared Imports should be used.
Flavors: r-devel-linux-x86_64-fedora-clang, r-devel-linux-x86_64-fedora-gcc