Last updated on 2025-10-02 09:49:49 CEST.
Flavor | Version | Tinstall | Tcheck | Ttotal | Status | Flags |
---|---|---|---|---|---|---|
r-devel-linux-x86_64-debian-clang | 0.2.1 | 17.30 | 47.77 | 65.07 | NOTE | |
r-devel-linux-x86_64-debian-gcc | 0.2.1 | 12.69 | 34.13 | 46.82 | NOTE | |
r-devel-linux-x86_64-fedora-clang | 0.2.1 | 103.44 | OK | |||
r-devel-linux-x86_64-fedora-gcc | 0.2.1 | 89.94 | OK | |||
r-devel-windows-x86_64 | 0.2.1 | 20.00 | 82.00 | 102.00 | OK | |
r-patched-linux-x86_64 | 0.2.1 | 18.59 | 46.43 | 65.02 | OK | |
r-release-linux-x86_64 | 0.2.1 | 16.24 | 46.75 | 62.99 | OK | |
r-release-macos-arm64 | 0.2.1 | 29.00 | OK | |||
r-release-macos-x86_64 | 0.2.1 | 57.00 | OK | |||
r-release-windows-x86_64 | 0.2.1 | 20.00 | 84.00 | 104.00 | OK | |
r-oldrel-macos-arm64 | 0.2.1 | 30.00 | OK | |||
r-oldrel-macos-x86_64 | 0.2.1 | 49.00 | OK | |||
r-oldrel-windows-x86_64 | 0.2.1 | 22.00 | 99.00 | 121.00 | OK |
Version: 0.2.1
Check: CRAN incoming feasibility
Result: NOTE
Maintainer: ‘Javier Leiva Cuadrado <jleivacuadrado@gmail.com>’
No Authors@R field in DESCRIPTION.
Please add one, modifying
Authors@R: person(given = c("Javier", "Leiva"),
family = "Cuadrado",
role = c("aut", "cre"),
email = "jleivacuadrado@gmail.com")
as necessary.
Flavors: r-devel-linux-x86_64-debian-clang, r-devel-linux-x86_64-debian-gcc