CRAN Package Check Results for Package XRPython

Last updated on 2025-07-22 09:50:49 CEST.

Flavor Version Tinstall Tcheck Ttotal Status Flags
r-devel-linux-x86_64-debian-clang 0.8 5.16 32.68 37.84 NOTE
r-devel-linux-x86_64-debian-gcc 0.8 3.69 25.56 29.25 NOTE
r-devel-linux-x86_64-fedora-clang 0.8 60.73 OK
r-devel-linux-x86_64-fedora-gcc 0.8 57.88 OK
r-devel-windows-x86_64 0.8 6.00 51.00 57.00 OK
r-patched-linux-x86_64 0.8 5.70 30.78 36.48 OK
r-release-linux-x86_64 0.8 4.74 31.11 35.85 OK
r-release-macos-arm64 0.8 22.00 OK
r-release-macos-x86_64 0.8 37.00 OK
r-release-windows-x86_64 0.8 7.00 53.00 60.00 OK
r-oldrel-macos-arm64 0.8 22.00 OK
r-oldrel-macos-x86_64 0.8 38.00 OK
r-oldrel-windows-x86_64 0.8 9.00 61.00 70.00 OK

Check Details

Version: 0.8
Check: CRAN incoming feasibility
Result: NOTE Maintainer: ‘John Chambers <jmc@r-project.org>’ No Authors@R field in DESCRIPTION. Please add one, modifying Authors@R: c(person(given = c("John", "M."), family = "Chambers", role = "aut"), person(given = "John", family = "Chambers", role = "cre", email = "jmc@r-project.org")) as necessary. Flavors: r-devel-linux-x86_64-debian-clang, r-devel-linux-x86_64-debian-gcc