Last updated on 2025-07-23 09:51:03 CEST.
Flavor | Version | Tinstall | Tcheck | Ttotal | Status | Flags |
---|---|---|---|---|---|---|
r-devel-linux-x86_64-debian-clang | 1.2.0 | 9.58 | 100.05 | 109.63 | OK | |
r-devel-linux-x86_64-debian-gcc | 1.2.0 | 7.00 | 74.45 | 81.45 | OK | |
r-devel-linux-x86_64-fedora-clang | 1.2.0 | 151.30 | OK | |||
r-devel-linux-x86_64-fedora-gcc | 1.2.0 | 155.66 | OK | |||
r-devel-windows-x86_64 | 1.2.0 | 12.00 | 94.00 | 106.00 | OK | |
r-patched-linux-x86_64 | 1.2.0 | 9.36 | 87.43 | 96.79 | OK | |
r-release-linux-x86_64 | 1.2.0 | 8.32 | 87.55 | 95.87 | OK | |
r-release-macos-arm64 | 1.2.0 | 96.00 | OK | |||
r-release-macos-x86_64 | 1.2.0 | 244.00 | OK | |||
r-release-windows-x86_64 | 1.2.0 | 11.00 | 96.00 | 107.00 | OK | |
r-oldrel-macos-arm64 | 1.2.0 | 66.00 | NOTE | |||
r-oldrel-macos-x86_64 | 1.2.0 | 125.00 | NOTE | |||
r-oldrel-windows-x86_64 | 1.2.0 | 14.00 | 116.00 | 130.00 | NOTE |
Version: 1.2.0
Check: installed package size
Result: NOTE
installed size is 5.3Mb
sub-directories of 1Mb or more:
data 1.0Mb
doc 3.2Mb
Flavors: r-oldrel-macos-arm64, r-oldrel-macos-x86_64, r-oldrel-windows-x86_64