Last updated on 2025-10-01 09:49:37 CEST.
Flavor | Version | Tinstall | Tcheck | Ttotal | Status | Flags |
---|---|---|---|---|---|---|
r-devel-linux-x86_64-debian-clang | 0.2-11 | 16.08 | 148.25 | 164.33 | NOTE | |
r-devel-linux-x86_64-debian-gcc | 0.2-11 | 11.00 | 108.03 | 119.03 | NOTE | |
r-devel-linux-x86_64-fedora-clang | 0.2-11 | 248.02 | OK | |||
r-devel-linux-x86_64-fedora-gcc | 0.2-11 | 254.25 | OK | |||
r-devel-windows-x86_64 | 0.2-11 | 16.00 | 152.00 | 168.00 | OK | |
r-patched-linux-x86_64 | 0.2-11 | 16.29 | 140.51 | 156.80 | OK | |
r-release-linux-x86_64 | 0.2-11 | 16.55 | 141.36 | 157.91 | OK | |
r-release-macos-arm64 | 0.2-11 | 79.00 | OK | |||
r-release-macos-x86_64 | 0.2-11 | 199.00 | OK | |||
r-release-windows-x86_64 | 0.2-11 | 18.00 | 153.00 | 171.00 | OK | |
r-oldrel-macos-arm64 | 0.2-11 | 66.00 | OK | |||
r-oldrel-macos-x86_64 | 0.2-11 | 94.00 | OK | |||
r-oldrel-windows-x86_64 | 0.2-11 | 27.00 | 209.00 | 236.00 | OK |
Version: 0.2-11
Check: CRAN incoming feasibility
Result: NOTE
Maintainer: ‘Zhu Wang <zwang145@uthsc.edu>’
No Authors@R field in DESCRIPTION.
Please add one, modifying
Authors@R: c(person(given = "Zhu",
family = "Wang",
role = c("aut", "cre"),
email = "https://orcid.org/0000-0002-0773-0052"),
person(family = "others",
role = "aut",
comment = "see COPYRIGHTS"))
as necessary.
Flavors: r-devel-linux-x86_64-debian-clang, r-devel-linux-x86_64-debian-gcc