CRAN Package Check Results for Package dySEM

Last updated on 2025-07-25 09:50:45 CEST.

Flavor Version Tinstall Tcheck Ttotal Status Flags
r-devel-linux-x86_64-debian-clang 1.1.1 8.81 92.39 101.20 NOTE
r-devel-linux-x86_64-debian-gcc 1.1.1 5.84 64.72 70.56 NOTE
r-devel-linux-x86_64-fedora-clang 1.1.1 158.13 NOTE
r-devel-linux-x86_64-fedora-gcc 1.1.1 165.36 NOTE
r-devel-windows-x86_64 1.1.1 10.00 105.00 115.00 NOTE
r-patched-linux-x86_64 1.1.1 8.21 85.82 94.03 NOTE
r-release-linux-x86_64 1.1.1 6.62 84.73 91.35 NOTE
r-release-macos-arm64 1.1.1 62.00 NOTE
r-release-macos-x86_64 1.1.1 100.00 NOTE
r-release-windows-x86_64 1.1.1 10.00 107.00 117.00 NOTE
r-oldrel-macos-arm64 1.1.1 66.00 OK
r-oldrel-macos-x86_64 1.1.1 96.00 OK
r-oldrel-windows-x86_64 1.1.1 15.00 133.00 148.00 OK

Check Details

Version: 1.1.1
Check: DESCRIPTION meta-information
Result: NOTE Missing dependency on R >= 4.1.0 because package code uses the pipe |> or function shorthand \(...) syntax added in R 4.1.0. File(s) using such syntax: ‘getConstraintTests.R’ ‘getInvarCompTable.R’ ‘outputConstraintTab.R’ ‘outputInvarCompTab.R’ Flavors: r-devel-linux-x86_64-debian-clang, r-devel-linux-x86_64-debian-gcc, r-devel-linux-x86_64-fedora-clang, r-devel-linux-x86_64-fedora-gcc, r-devel-windows-x86_64, r-patched-linux-x86_64, r-release-linux-x86_64, r-release-macos-arm64, r-release-macos-x86_64, r-release-windows-x86_64