CRAN Package Check Results for Package envi

Last updated on 2025-07-23 09:51:07 CEST.

Flavor Version Tinstall Tcheck Ttotal Status Flags
r-devel-linux-x86_64-debian-clang 1.0.0 36.67 452.09 488.76 OK
r-devel-linux-x86_64-debian-gcc 1.0.0 22.08 336.95 359.03 OK
r-devel-linux-x86_64-fedora-clang FAIL
r-devel-linux-x86_64-fedora-gcc 1.0.0 892.47 OK
r-devel-windows-x86_64 1.0.0 30.00 383.00 413.00 OK
r-patched-linux-x86_64 1.0.0 38.81 488.09 526.90 OK
r-release-linux-x86_64 1.0.0 36.79 486.31 523.10 OK
r-release-macos-arm64 1.0.0 407.00 OK
r-release-macos-x86_64 1.0.0 550.00 OK
r-release-windows-x86_64 1.0.0 30.00 386.00 416.00 OK
r-oldrel-macos-arm64 1.0.0 224.00 OK
r-oldrel-macos-x86_64 1.0.0 326.00 OK
r-oldrel-windows-x86_64 1.0.0 39.00 504.00 543.00 OK

Check Details

Version: 1.0.0
Check: tests
Result: FAIL
Flavor: r-devel-linux-x86_64-fedora-clang