CRAN Package Check Results for Package eodhdR2

Last updated on 2025-07-25 09:50:46 CEST.

Flavor Version Tinstall Tcheck Ttotal Status Flags
r-devel-linux-x86_64-debian-clang 0.5.1 1.91 23.95 25.86 NOTE
r-devel-linux-x86_64-debian-gcc 0.5.1 1.51 19.54 21.05 NOTE
r-devel-linux-x86_64-fedora-clang 0.5.1 38.44 NOTE
r-devel-linux-x86_64-fedora-gcc 0.5.1 37.54 NOTE
r-devel-windows-x86_64 0.5.1 5.00 57.00 62.00 NOTE
r-patched-linux-x86_64 0.5.1 2.04 21.62 23.66 NOTE
r-release-linux-x86_64 0.5.1 1.80 21.51 23.31 NOTE
r-release-macos-arm64 0.5.1 19.00 NOTE
r-release-macos-x86_64 0.5.1 28.00 NOTE
r-release-windows-x86_64 0.5.1 3.00 50.00 53.00 NOTE
r-oldrel-macos-arm64 0.5.1 19.00 OK
r-oldrel-macos-x86_64 0.5.1 28.00 OK
r-oldrel-windows-x86_64 0.5.1 4.00 55.00 59.00 OK

Check Details

Version: 0.5.1
Check: DESCRIPTION meta-information
Result: NOTE Missing dependency on R >= 4.1.0 because package code uses the pipe |> or function shorthand \(...) syntax added in R 4.1.0. File(s) using such syntax: ‘dividends.R’ ‘financials.R’ ‘ipos.R’ ‘news.R’ ‘prices.R’ ‘splits.R’ Flavors: r-devel-linux-x86_64-debian-clang, r-devel-linux-x86_64-debian-gcc, r-devel-linux-x86_64-fedora-clang, r-devel-linux-x86_64-fedora-gcc, r-devel-windows-x86_64, r-patched-linux-x86_64, r-release-linux-x86_64, r-release-macos-arm64, r-release-macos-x86_64, r-release-windows-x86_64