Last updated on 2025-07-25 09:50:46 CEST.
Flavor | Version | Tinstall | Tcheck | Ttotal | Status | Flags |
---|---|---|---|---|---|---|
r-devel-linux-x86_64-debian-clang | 2.0.85 | 32.26 | 239.53 | 271.79 | OK | |
r-devel-linux-x86_64-debian-gcc | 2.0.85 | 22.25 | 165.22 | 187.47 | OK | |
r-devel-linux-x86_64-fedora-clang | 2.0.85 | 429.28 | OK | |||
r-devel-linux-x86_64-fedora-gcc | 2.0.85 | 435.28 | OK | |||
r-devel-windows-x86_64 | 2.0.84 | 31.00 | 233.00 | 264.00 | OK | |
r-patched-linux-x86_64 | 2.0.84 | 35.81 | 225.30 | 261.11 | OK | |
r-release-linux-x86_64 | 2.0.84 | 31.64 | 226.84 | 258.48 | OK | |
r-release-macos-arm64 | 2.0.84 | 188.00 | OK | |||
r-release-macos-x86_64 | 2.0.85 | 218.00 | OK | |||
r-release-windows-x86_64 | 2.0.85 | 36.00 | 241.00 | 277.00 | OK | |
r-oldrel-macos-arm64 | 2.0.84 | 109.00 | OK | |||
r-oldrel-macos-x86_64 | 2.0.85 | 207.00 | NOTE | |||
r-oldrel-windows-x86_64 | 2.0.85 | 47.00 | 297.00 | 344.00 | NOTE |
Version: 2.0.85
Check: installed package size
Result: NOTE
installed size is 5.4Mb
sub-directories of 1Mb or more:
doc 4.1Mb
Flavors: r-oldrel-macos-x86_64, r-oldrel-windows-x86_64