Last updated on 2025-07-25 09:50:46 CEST.
Flavor | Version | Tinstall | Tcheck | Ttotal | Status | Flags |
---|---|---|---|---|---|---|
r-devel-linux-x86_64-debian-clang | 0.1.0 | 1.67 | 18.54 | 20.21 | OK | |
r-devel-linux-x86_64-debian-gcc | 0.1.0 | 1.36 | 15.57 | 16.93 | OK | |
r-devel-linux-x86_64-fedora-clang | 0.1.0 | 31.21 | OK | |||
r-devel-linux-x86_64-fedora-gcc | 0.1.0 | 30.41 | OK | |||
r-devel-windows-x86_64 | 0.1.0 | 2.00 | 48.00 | 50.00 | OK | |
r-patched-linux-x86_64 | 0.1.0 | 1.49 | 17.19 | 18.68 | OK | |
r-release-linux-x86_64 | 0.1.0 | 1.70 | 17.15 | 18.85 | OK | |
r-release-macos-arm64 | 0.1.0 | 14.00 | OK | |||
r-release-macos-x86_64 | 0.1.0 | 28.00 | OK | |||
r-release-windows-x86_64 | 0.1.0 | 4.00 | 42.00 | 46.00 | OK | |
r-oldrel-macos-arm64 | 0.1.0 | 14.00 | NOTE | |||
r-oldrel-macos-x86_64 | 0.1.0 | 24.00 | NOTE | |||
r-oldrel-windows-x86_64 | 0.1.0 | 4.00 | 43.00 | 47.00 | NOTE |
Version: 0.1.0
Check: LazyData
Result: NOTE
'LazyData' is specified without a 'data' directory
Flavors: r-oldrel-macos-arm64, r-oldrel-macos-x86_64, r-oldrel-windows-x86_64