Last updated on 2025-07-25 09:50:47 CEST.
Flavor | Version | Tinstall | Tcheck | Ttotal | Status | Flags |
---|---|---|---|---|---|---|
r-devel-linux-x86_64-debian-clang | 0.9.4.4 | 17.06 | 130.08 | 147.14 | NOTE | |
r-devel-linux-x86_64-debian-gcc | 0.9.4.4 | 12.50 | 97.92 | 110.42 | NOTE | |
r-devel-linux-x86_64-fedora-clang | 0.9.4.4 | 235.81 | OK | |||
r-devel-linux-x86_64-fedora-gcc | 0.9.4.4 | 248.78 | OK | |||
r-devel-windows-x86_64 | 0.9.4.4 | 16.00 | 132.00 | 148.00 | OK | |
r-patched-linux-x86_64 | 0.9.4.4 | 14.22 | 119.70 | 133.92 | OK | |
r-release-linux-x86_64 | 0.9.4.4 | 14.60 | 120.88 | 135.48 | OK | |
r-release-macos-arm64 | 0.9.4.4 | 68.00 | OK | |||
r-release-macos-x86_64 | 0.9.4.4 | 220.00 | OK | |||
r-release-windows-x86_64 | 0.9.4.4 | 17.00 | 130.00 | 147.00 | OK | |
r-oldrel-macos-arm64 | 0.9.4.4 | 62.00 | NOTE | |||
r-oldrel-macos-x86_64 | 0.9.4.4 | 101.00 | NOTE | |||
r-oldrel-windows-x86_64 | 0.9.4.4 | 22.00 | 161.00 | 183.00 | NOTE |
Version: 0.9.4.4
Check: CRAN incoming feasibility
Result: NOTE
Maintainer: ‘Jakub Szlek <j.szlek@uj.edu.pl>’
Package CITATION file contains call(s) to old-style personList() or
as.personList(). Please use c() on person objects instead.
Package CITATION file contains call(s) to old-style citEntry(). Please
use bibentry() instead.
Flavors: r-devel-linux-x86_64-debian-clang, r-devel-linux-x86_64-debian-gcc
Version: 0.9.4.4
Check: package dependencies
Result: NOTE
Packages suggested but not available for checking:
'extraTrees', 'foba', 'nodeHarvest', 'obliqueRF', 'relaxo', 'rrlda'
Flavors: r-oldrel-macos-arm64, r-oldrel-macos-x86_64, r-oldrel-windows-x86_64