Last updated on 2025-07-24 09:49:58 CEST.
Flavor | Version | Tinstall | Tcheck | Ttotal | Status | Flags |
---|---|---|---|---|---|---|
r-devel-linux-x86_64-debian-clang | 5.1-13 | 8.37 | 71.85 | 80.22 | NOTE | |
r-devel-linux-x86_64-debian-gcc | 5.1-13 | 6.07 | 52.35 | 58.42 | NOTE | |
r-devel-linux-x86_64-fedora-clang | 5.1-13 | 121.54 | OK | |||
r-devel-linux-x86_64-fedora-gcc | 5.1-13 | 117.52 | OK | |||
r-devel-windows-x86_64 | 5.1-13 | 8.00 | 85.00 | 93.00 | NOTE | |
r-patched-linux-x86_64 | 5.1-13 | 7.65 | 68.78 | 76.43 | NOTE | |
r-release-linux-x86_64 | 5.1-13 | 8.30 | 67.36 | 75.66 | NOTE | |
r-release-macos-arm64 | 5.1-13 | 39.00 | OK | |||
r-release-macos-x86_64 | 5.1-13 | 80.00 | OK | |||
r-release-windows-x86_64 | 5.1-13 | 9.00 | 87.00 | 96.00 | NOTE | |
r-oldrel-macos-arm64 | 5.1-13 | 40.00 | OK | |||
r-oldrel-macos-x86_64 | 5.1-13 | 56.00 | OK | |||
r-oldrel-windows-x86_64 | 5.1-13 | 13.00 | 103.00 | 116.00 | OK |
Version: 5.1-13
Check: Rd cross-references
Result: NOTE
Found the following Rd file(s) with Rd \link{} targets missing package
anchors:
centilesTwo.Rd: centiles
Please provide package anchors for all Rd \link{} targets not in the
package itself and the base packages.
Flavors: r-devel-linux-x86_64-debian-clang, r-devel-linux-x86_64-debian-gcc, r-devel-windows-x86_64, r-patched-linux-x86_64, r-release-linux-x86_64, r-release-windows-x86_64