Last updated on 2025-07-23 09:51:10 CEST.
Flavor | Version | Tinstall | Tcheck | Ttotal | Status | Flags |
---|---|---|---|---|---|---|
r-devel-linux-x86_64-debian-clang | 2.0.4 | 2.03 | 19.00 | 21.03 | OK | |
r-devel-linux-x86_64-debian-gcc | 2.0.4 | 1.56 | 15.76 | 17.32 | OK | |
r-devel-linux-x86_64-fedora-clang | 2.0.4 | 31.09 | OK | |||
r-devel-linux-x86_64-fedora-gcc | 2.0.4 | 28.24 | OK | |||
r-devel-windows-x86_64 | 2.0.4 | 4.00 | 39.00 | 43.00 | OK | |
r-patched-linux-x86_64 | 2.0.4 | 2.10 | 18.17 | 20.27 | OK | |
r-release-linux-x86_64 | 2.0.4 | 1.84 | 17.53 | 19.37 | OK | |
r-release-macos-arm64 | 2.0.4 | 16.00 | OK | |||
r-release-macos-x86_64 | 2.0.4 | 24.00 | OK | |||
r-release-windows-x86_64 | 2.0.4 | 2.00 | 42.00 | 44.00 | OK | |
r-oldrel-macos-arm64 | 2.0.4 | 14.00 | NOTE | |||
r-oldrel-macos-x86_64 | 2.0.4 | 27.00 | NOTE | |||
r-oldrel-windows-x86_64 | 2.0.4 | 2.00 | 39.00 | 41.00 | NOTE |
Version: 2.0.4
Check: LazyData
Result: NOTE
'LazyData' is specified without a 'data' directory
Flavors: r-oldrel-macos-arm64, r-oldrel-macos-x86_64, r-oldrel-windows-x86_64