Last updated on 2025-07-23 09:51:12 CEST.
Flavor | Version | Tinstall | Tcheck | Ttotal | Status | Flags |
---|---|---|---|---|---|---|
r-devel-linux-x86_64-debian-clang | 0.4.0 | 3.03 | 71.95 | 74.98 | OK | |
r-devel-linux-x86_64-debian-gcc | 0.4.0 | 2.18 | 54.55 | 56.73 | OK | |
r-devel-linux-x86_64-fedora-clang | 0.4.0 | 119.39 | OK | |||
r-devel-linux-x86_64-fedora-gcc | 0.4.0 | 136.05 | OK | |||
r-devel-windows-x86_64 | 0.4.0 | 6.00 | 101.00 | 107.00 | OK | |
r-patched-linux-x86_64 | 0.4.0 | 3.87 | 67.58 | 71.45 | OK | |
r-release-linux-x86_64 | 0.4.0 | 2.32 | 67.38 | 69.70 | OK | |
r-release-macos-arm64 | 0.4.0 | 50.00 | OK | |||
r-release-macos-x86_64 | 0.4.0 | 121.00 | OK | |||
r-release-windows-x86_64 | 0.4.0 | 5.00 | 98.00 | 103.00 | OK | |
r-oldrel-macos-arm64 | 0.4.0 | 53.00 | OK | |||
r-oldrel-macos-x86_64 | 0.4.0 | 134.00 | OK | |||
r-oldrel-windows-x86_64 | 0.4.0 | 6.00 | 112.00 | 118.00 | NOTE |
Version: 0.4.0
Check: package dependencies
Result: NOTE
Package suggested but not available for checking: 'rsyslog'
Flavor: r-oldrel-windows-x86_64