CRAN Package Check Results for Package mhcnuggetsr

Last updated on 2025-07-25 09:50:52 CEST.

Flavor Version Tinstall Tcheck Ttotal Status Flags
r-devel-linux-x86_64-debian-clang 1.1 2.38 33.90 36.28 NOTE
r-devel-linux-x86_64-debian-gcc 1.1 1.68 47.07 48.75 NOTE
r-devel-linux-x86_64-fedora-clang 1.1 102.51 OK
r-devel-linux-x86_64-fedora-gcc 1.1 115.56 OK
r-devel-windows-x86_64 1.1 5.00 138.00 143.00 OK
r-patched-linux-x86_64 1.1 3.00 32.27 35.27 OK
r-release-linux-x86_64 1.1 2.24 32.03 34.27 OK
r-release-macos-arm64 1.1 68.00 OK
r-release-macos-x86_64 1.1 102.00 OK
r-release-windows-x86_64 1.1 4.00 155.00 159.00 OK
r-oldrel-macos-arm64 1.1 46.00 NOTE
r-oldrel-macos-x86_64 1.1 72.00 NOTE
r-oldrel-windows-x86_64 1.1 5.00 140.00 145.00 NOTE

Check Details

Version: 1.1
Check: CRAN incoming feasibility
Result: NOTE Maintainer: ‘Richèl J.C. Bilderbeek <richel@richelbilderbeek.nl>’ The BugReports field in DESCRIPTION has https://github.com/richelbilderbeek/mhcnuggetsr which should likely be https://github.com/richelbilderbeek/mhcnuggetsr/issues instead. Flavors: r-devel-linux-x86_64-debian-clang, r-devel-linux-x86_64-debian-gcc

Version: 1.1
Check: LazyData
Result: NOTE 'LazyData' is specified without a 'data' directory Flavors: r-oldrel-macos-arm64, r-oldrel-macos-x86_64, r-oldrel-windows-x86_64