Last updated on 2025-07-23 09:51:14 CEST.
Flavor | Version | Tinstall | Tcheck | Ttotal | Status | Flags |
---|---|---|---|---|---|---|
r-devel-linux-x86_64-debian-clang | 1.0.10 | 65.45 | 378.62 | 444.07 | OK | |
r-devel-linux-x86_64-debian-gcc | 1.0.10 | 50.09 | 248.62 | 298.71 | OK | |
r-devel-linux-x86_64-fedora-clang | 1.0.11 | 665.22 | OK | |||
r-devel-linux-x86_64-fedora-gcc | 1.0.11 | 709.66 | OK | |||
r-devel-windows-x86_64 | 1.0.10 | 79.00 | 257.00 | 336.00 | OK | |
r-patched-linux-x86_64 | 1.0.10 | 67.75 | 374.71 | 442.46 | OK | |
r-release-linux-x86_64 | 1.0.10 | 61.79 | 358.32 | 420.11 | OK | |
r-release-macos-arm64 | 1.0.10 | 158.00 | OK | |||
r-release-macos-x86_64 | 1.0.11 | 248.00 | OK | |||
r-release-windows-x86_64 | 1.0.11 | 86.00 | 248.00 | 334.00 | OK | |
r-oldrel-macos-arm64 | 1.0.10 | 172.00 | NOTE | |||
r-oldrel-macos-x86_64 | 1.0.11 | 256.00 | NOTE | |||
r-oldrel-windows-x86_64 | 1.0.11 | 86.00 | 280.00 | 366.00 | OK |
Version: 1.0.10
Check: installed package size
Result: NOTE
installed size is 6.8Mb
sub-directories of 1Mb or more:
libs 4.8Mb
Flavor: r-oldrel-macos-arm64
Version: 1.0.11
Check: installed package size
Result: NOTE
installed size is 8.9Mb
sub-directories of 1Mb or more:
libs 6.5Mb
Flavor: r-oldrel-macos-x86_64