Last updated on 2025-07-23 09:51:15 CEST.
Flavor | Version | Tinstall | Tcheck | Ttotal | Status | Flags |
---|---|---|---|---|---|---|
r-devel-linux-x86_64-debian-clang | 1.1-5 | 15.91 | 102.38 | 118.29 | NOTE | |
r-devel-linux-x86_64-debian-gcc | 1.1-6 | 9.42 | 68.26 | 77.68 | OK | |
r-devel-linux-x86_64-fedora-clang | 1.1-6 | 185.90 | OK | |||
r-devel-linux-x86_64-fedora-gcc | 1.1-6 | 182.52 | OK | |||
r-devel-windows-x86_64 | 1.1-6 | 15.00 | 117.00 | 132.00 | OK | |
r-patched-linux-x86_64 | 1.1-5 | 14.31 | 95.51 | 109.82 | NOTE | |
r-release-linux-x86_64 | 1.1-5 | 12.49 | 97.73 | 110.22 | NOTE | |
r-release-macos-arm64 | 1.1-5 | 49.00 | OK | |||
r-release-macos-x86_64 | 1.1-6 | 90.00 | OK | |||
r-release-windows-x86_64 | 1.1-6 | 16.00 | 117.00 | 133.00 | OK | |
r-oldrel-macos-arm64 | 1.1-5 | 49.00 | OK | |||
r-oldrel-macos-x86_64 | 1.1-6 | 102.00 | OK | |||
r-oldrel-windows-x86_64 | 1.1-6 | 22.00 | 139.00 | 161.00 | OK |
Version: 1.1-5
Check: Rd cross-references
Result: NOTE
Found the following Rd file(s) with Rd \link{} targets missing package
anchors:
plot.linkdat.Rd: plot.pedigree
Please provide package anchors for all Rd \link{} targets not in the
package itself and the base packages.
Flavors: r-devel-linux-x86_64-debian-clang, r-patched-linux-x86_64, r-release-linux-x86_64