Last updated on 2025-07-24 09:50:06 CEST.
Flavor | Version | Tinstall | Tcheck | Ttotal | Status | Flags |
---|---|---|---|---|---|---|
r-devel-linux-x86_64-debian-clang | 0.0.1 | 12.37 | 27.20 | 39.57 | NOTE | |
r-devel-linux-x86_64-debian-gcc | 0.0.1 | 9.27 | 22.66 | 31.93 | NOTE | |
r-devel-linux-x86_64-fedora-clang | 0.0.1 | 62.18 | OK | |||
r-devel-linux-x86_64-fedora-gcc | 0.0.1 | 62.93 | OK | |||
r-devel-windows-x86_64 | 0.0.1 | 14.00 | 70.00 | 84.00 | OK | |
r-patched-linux-x86_64 | 0.0.1 | 13.77 | 25.69 | 39.46 | OK | |
r-release-linux-x86_64 | 0.0.1 | 13.26 | 25.39 | 38.65 | OK | |
r-release-macos-arm64 | 0.0.1 | 23.00 | OK | |||
r-release-macos-x86_64 | 0.0.1 | 41.00 | OK | |||
r-release-windows-x86_64 | 0.0.1 | 16.00 | 67.00 | 83.00 | OK | |
r-oldrel-macos-arm64 | 0.0.1 | 21.00 | OK | |||
r-oldrel-macos-x86_64 | 0.0.1 | 30.00 | OK | |||
r-oldrel-windows-x86_64 | 0.0.1 | 16.00 | 77.00 | 93.00 | OK |
Version: 0.0.1
Check: CRAN incoming feasibility
Result: NOTE
Maintainer: ‘Fabio Demarqui <fndemarqui@est.ufmg.br>’
Package CITATION file contains call(s) to old-style personList() or
as.personList(). Please use c() on person objects instead.
Package CITATION file contains call(s) to old-style citEntry(). Please
use bibentry() instead.
Flavors: r-devel-linux-x86_64-debian-clang, r-devel-linux-x86_64-debian-gcc