Last updated on 2025-07-23 09:51:18 CEST.
Flavor | Version | Tinstall | Tcheck | Ttotal | Status | Flags |
---|---|---|---|---|---|---|
r-devel-linux-x86_64-debian-clang | 1.2.0 | 7.38 | 158.66 | 166.04 | ERROR | |
r-devel-linux-x86_64-debian-gcc | 1.2.0 | 5.20 | 96.42 | 101.62 | ERROR | |
r-devel-linux-x86_64-fedora-clang | 1.2.0 | 219.13 | ERROR | |||
r-devel-linux-x86_64-fedora-gcc | 1.2.0 | 187.41 | ERROR | |||
r-devel-windows-x86_64 | 1.2.0 | 11.00 | 164.00 | 175.00 | FAIL | |
r-patched-linux-x86_64 | 1.2.0 | 9.36 | 165.47 | 174.83 | OK | |
r-release-linux-x86_64 | 1.2.0 | 7.74 | 164.43 | 172.17 | OK | |
r-release-macos-arm64 | 1.2.0 | 96.00 | OK | |||
r-release-macos-x86_64 | 1.2.0 | 172.00 | OK | |||
r-release-windows-x86_64 | 1.2.0 | 11.00 | 172.00 | 183.00 | OK | |
r-oldrel-macos-arm64 | 1.2.0 | 64.00 | OK | |||
r-oldrel-macos-x86_64 | 1.2.0 | 114.00 | OK | |||
r-oldrel-windows-x86_64 | 1.2.0 | 13.00 | 225.00 | 238.00 | OK |
Version: 1.2.0
Check: tests
Result: ERROR
Running ‘test-all.R’ [2m/19m]
Running the tests in ‘tests/test-all.R’ failed.
Complete output:
> library("testthat")
> test_check("rcrossref")
Loading required package: rcrossref
[ FAIL 14 | WARN 2 | SKIP 4 | PASS 272 ]
══ Skipped tests (4) ═══════════════════════════════════════════════════════════
• On CRAN (4): 'test-cr_abstract.R:1:1', 'test-cr_works.R:225:3',
'test-cr_works_.R:97:3', 'test-id_converter.R:24:3'
══ Failed tests ════════════════════════════════════════════════════════════════
── Failure ('test-cr_members_cursor.R:15:5'): cr_members cursor basic functionality works ──
NROW(bb$data) not equal to 400.
1/1 mismatches
[1] 300 - 400 == -100
Backtrace:
▆
1. ├─vcr::use_cassette(...) at test-cr_members_cursor.R:4:3
2. │ └─cassette$call_block(...)
3. └─testthat::expect_equal(NROW(bb$data), 400) at test-cr_members_cursor.R:15:5
── Failure ('test-cr_works.R:110:5'): cr_works - parses funders correctly ──────
Names of bb$data$funder[[1]] ('DOI', 'name', 'doi.asserted.by', 'id.id', 'id.id.type', 'id.asserted.by') don't match 'DOI', 'name', 'doi.asserted.by'
Backtrace:
▆
1. ├─vcr::use_cassette(...) at test-cr_works.R:94:3
2. │ └─cassette$call_block(...)
3. └─testthat::expect_named(...) at test-cr_works.R:110:5
── Failure ('test-cr_works.R:120:5'): cr_works - parses funders correctly ──────
Names of dd$data$funder[[1]] ('DOI', 'award', 'doi.asserted.by', 'id.asserted.by', 'id.id', 'id.id.type', 'name') don't match 'DOI', 'award', 'doi.asserted.by', 'name'
Backtrace:
▆
1. ├─vcr::use_cassette(...) at test-cr_works.R:94:3
2. │ └─cassette$call_block(...)
3. └─testthat::expect_named(...) at test-cr_works.R:120:5
── Failure ('test-cr_works.R:127:5'): cr_works - parses funders correctly ──────
Names of dd$data$funder[[1]] ('DOI', 'award', 'doi.asserted.by', 'id.asserted.by', 'id.id', 'id.id.type', 'name') don't match 'DOI', 'award', 'doi.asserted.by', 'name'
Backtrace:
▆
1. ├─vcr::use_cassette(...) at test-cr_works.R:94:3
2. │ └─cassette$call_block(...)
3. └─testthat::expect_named(...) at test-cr_works.R:127:5
── Failure ('test-cr_works.R:134:5'): cr_works - parses funders correctly ──────
Names of ee$data$funder[[1]] ('DOI', 'name', 'doi.asserted.by', 'award', 'id.id', 'id.id.type', 'id.asserted.by') don't match 'DOI', 'name', 'doi.asserted.by', 'award'
Backtrace:
▆
1. ├─vcr::use_cassette(...) at test-cr_works.R:94:3
2. │ └─cassette$call_block(...)
3. └─testthat::expect_named(...) at test-cr_works.R:134:5
── Failure ('test-cr_works.R:140:5'): cr_works - parses funders correctly ──────
Names of ff$data$funder[[1]] ('DOI', 'name', 'doi.asserted.by', 'id.id', 'id.id.type', 'id.asserted.by') don't match 'DOI', 'name', 'doi.asserted.by'
Backtrace:
▆
1. ├─vcr::use_cassette(...) at test-cr_works.R:94:3
2. │ └─cassette$call_block(...)
3. └─testthat::expect_named(...) at test-cr_works.R:140:5
── Failure ('test-cr_works.R:145:5'): cr_works - parses funders correctly ──────
Names of gg$data$funder[[1]] ('DOI', 'name', 'doi.asserted.by', 'award', 'id.id', 'id.id.type', 'id.asserted.by') don't match 'DOI', 'name', 'doi.asserted.by', 'award'
Backtrace:
▆
1. ├─vcr::use_cassette(...) at test-cr_works.R:94:3
2. │ └─cassette$call_block(...)
3. └─testthat::expect_named(...) at test-cr_works.R:145:5
── Failure ('test-cr_works.R:151:5'): cr_works - parses funders correctly ──────
Names of hh$data$funder[[1]] ('DOI', 'award', 'award1', 'award2', 'doi.asserted.by', 'id.asserted.by', 'id.id', 'id.id.type', 'name') don't match 'DOI', 'award', 'award1', 'award2', 'doi.asserted.by', 'name'
Backtrace:
▆
1. ├─vcr::use_cassette(...) at test-cr_works.R:94:3
2. │ └─cassette$call_block(...)
3. └─testthat::expect_named(...) at test-cr_works.R:151:5
── Failure ('test-cr_works_.R:92:5'): cr_works_ - parses funders correctly ─────
Names of bb$message$funder ('DOI', 'name', 'doi-asserted-by', 'id') don't match 'DOI', 'name', 'doi-asserted-by'
── Failure ('test-id_converter.R:9:5'): id_converter returns ───────────────────
Names of `a` ('status', 'response-date', 'request', 'records') don't match 'status', 'responseDate', 'request', 'records'
Backtrace:
▆
1. ├─vcr::use_cassette(...) at test-id_converter.R:4:3
2. │ └─cassette$call_block(...)
3. └─testthat::expect_named(...) at test-id_converter.R:9:5
── Failure ('test-id_converter.R:11:5'): id_converter returns ──────────────────
a$responseDate inherits from `'NULL'` not `'character'`.
Backtrace:
▆
1. ├─vcr::use_cassette(...) at test-id_converter.R:4:3
2. │ └─cassette$call_block(...)
3. └─testthat::expect_is(a$responseDate, "character") at test-id_converter.R:11:5
── Failure ('test-id_converter.R:12:5'): id_converter returns ──────────────────
a$request inherits from `'list'` not `'character'`.
Backtrace:
▆
1. ├─vcr::use_cassette(...) at test-id_converter.R:4:3
2. │ └─cassette$call_block(...)
3. └─testthat::expect_is(a$request, "character") at test-id_converter.R:12:5
── Failure ('test-id_converter.R:16:5'): id_converter returns ──────────────────
a$records$pmid inherits from `'integer'` not `'character'`.
Backtrace:
▆
1. ├─vcr::use_cassette(...) at test-id_converter.R:4:3
2. │ └─cassette$call_block(...)
3. └─testthat::expect_is(a$records$pmid, "character") at test-id_converter.R:16:5
── Failure ('test-id_converter.R:17:5'): id_converter returns ──────────────────
a$records$versions[[1]] inherits from `'NULL'` not `'character'`.
Backtrace:
▆
1. ├─vcr::use_cassette(...) at test-id_converter.R:4:3
2. │ └─cassette$call_block(...)
3. └─testthat::expect_is(a$records$versions[[1]], "data.frame") at test-id_converter.R:17:5
[ FAIL 14 | WARN 2 | SKIP 4 | PASS 272 ]
Error: Test failures
Execution halted
Flavor: r-devel-linux-x86_64-debian-clang
Version: 1.2.0
Check: tests
Result: ERROR
Running ‘test-all.R’ [1m/14m]
Running the tests in ‘tests/test-all.R’ failed.
Complete output:
> library("testthat")
> test_check("rcrossref")
Loading required package: rcrossref
[ FAIL 13 | WARN 0 | SKIP 4 | PASS 273 ]
══ Skipped tests (4) ═══════════════════════════════════════════════════════════
• On CRAN (4): 'test-cr_abstract.R:1:1', 'test-cr_works.R:225:3',
'test-cr_works_.R:97:3', 'test-id_converter.R:24:3'
══ Failed tests ════════════════════════════════════════════════════════════════
── Failure ('test-cr_works.R:110:5'): cr_works - parses funders correctly ──────
Names of bb$data$funder[[1]] ('DOI', 'name', 'doi.asserted.by', 'id.id', 'id.id.type', 'id.asserted.by') don't match 'DOI', 'name', 'doi.asserted.by'
Backtrace:
▆
1. ├─vcr::use_cassette(...) at test-cr_works.R:94:3
2. │ └─cassette$call_block(...)
3. └─testthat::expect_named(...) at test-cr_works.R:110:5
── Failure ('test-cr_works.R:120:5'): cr_works - parses funders correctly ──────
Names of dd$data$funder[[1]] ('DOI', 'award', 'doi.asserted.by', 'id.asserted.by', 'id.id', 'id.id.type', 'name') don't match 'DOI', 'award', 'doi.asserted.by', 'name'
Backtrace:
▆
1. ├─vcr::use_cassette(...) at test-cr_works.R:94:3
2. │ └─cassette$call_block(...)
3. └─testthat::expect_named(...) at test-cr_works.R:120:5
── Failure ('test-cr_works.R:127:5'): cr_works - parses funders correctly ──────
Names of dd$data$funder[[1]] ('DOI', 'award', 'doi.asserted.by', 'id.asserted.by', 'id.id', 'id.id.type', 'name') don't match 'DOI', 'award', 'doi.asserted.by', 'name'
Backtrace:
▆
1. ├─vcr::use_cassette(...) at test-cr_works.R:94:3
2. │ └─cassette$call_block(...)
3. └─testthat::expect_named(...) at test-cr_works.R:127:5
── Failure ('test-cr_works.R:134:5'): cr_works - parses funders correctly ──────
Names of ee$data$funder[[1]] ('DOI', 'name', 'doi.asserted.by', 'award', 'id.id', 'id.id.type', 'id.asserted.by') don't match 'DOI', 'name', 'doi.asserted.by', 'award'
Backtrace:
▆
1. ├─vcr::use_cassette(...) at test-cr_works.R:94:3
2. │ └─cassette$call_block(...)
3. └─testthat::expect_named(...) at test-cr_works.R:134:5
── Failure ('test-cr_works.R:140:5'): cr_works - parses funders correctly ──────
Names of ff$data$funder[[1]] ('DOI', 'name', 'doi.asserted.by', 'id.id', 'id.id.type', 'id.asserted.by') don't match 'DOI', 'name', 'doi.asserted.by'
Backtrace:
▆
1. ├─vcr::use_cassette(...) at test-cr_works.R:94:3
2. │ └─cassette$call_block(...)
3. └─testthat::expect_named(...) at test-cr_works.R:140:5
── Failure ('test-cr_works.R:145:5'): cr_works - parses funders correctly ──────
Names of gg$data$funder[[1]] ('DOI', 'name', 'doi.asserted.by', 'award', 'id.id', 'id.id.type', 'id.asserted.by') don't match 'DOI', 'name', 'doi.asserted.by', 'award'
Backtrace:
▆
1. ├─vcr::use_cassette(...) at test-cr_works.R:94:3
2. │ └─cassette$call_block(...)
3. └─testthat::expect_named(...) at test-cr_works.R:145:5
── Failure ('test-cr_works.R:151:5'): cr_works - parses funders correctly ──────
Names of hh$data$funder[[1]] ('DOI', 'award', 'award1', 'award2', 'doi.asserted.by', 'id.asserted.by', 'id.id', 'id.id.type', 'name') don't match 'DOI', 'award', 'award1', 'award2', 'doi.asserted.by', 'name'
Backtrace:
▆
1. ├─vcr::use_cassette(...) at test-cr_works.R:94:3
2. │ └─cassette$call_block(...)
3. └─testthat::expect_named(...) at test-cr_works.R:151:5
── Failure ('test-cr_works_.R:92:5'): cr_works_ - parses funders correctly ─────
Names of bb$message$funder ('DOI', 'name', 'doi-asserted-by', 'id') don't match 'DOI', 'name', 'doi-asserted-by'
── Failure ('test-id_converter.R:9:5'): id_converter returns ───────────────────
Names of `a` ('status', 'response-date', 'request', 'records') don't match 'status', 'responseDate', 'request', 'records'
Backtrace:
▆
1. ├─vcr::use_cassette(...) at test-id_converter.R:4:3
2. │ └─cassette$call_block(...)
3. └─testthat::expect_named(...) at test-id_converter.R:9:5
── Failure ('test-id_converter.R:11:5'): id_converter returns ──────────────────
a$responseDate inherits from `'NULL'` not `'character'`.
Backtrace:
▆
1. ├─vcr::use_cassette(...) at test-id_converter.R:4:3
2. │ └─cassette$call_block(...)
3. └─testthat::expect_is(a$responseDate, "character") at test-id_converter.R:11:5
── Failure ('test-id_converter.R:12:5'): id_converter returns ──────────────────
a$request inherits from `'list'` not `'character'`.
Backtrace:
▆
1. ├─vcr::use_cassette(...) at test-id_converter.R:4:3
2. │ └─cassette$call_block(...)
3. └─testthat::expect_is(a$request, "character") at test-id_converter.R:12:5
── Failure ('test-id_converter.R:16:5'): id_converter returns ──────────────────
a$records$pmid inherits from `'integer'` not `'character'`.
Backtrace:
▆
1. ├─vcr::use_cassette(...) at test-id_converter.R:4:3
2. │ └─cassette$call_block(...)
3. └─testthat::expect_is(a$records$pmid, "character") at test-id_converter.R:16:5
── Failure ('test-id_converter.R:17:5'): id_converter returns ──────────────────
a$records$versions[[1]] inherits from `'NULL'` not `'character'`.
Backtrace:
▆
1. ├─vcr::use_cassette(...) at test-id_converter.R:4:3
2. │ └─cassette$call_block(...)
3. └─testthat::expect_is(a$records$versions[[1]], "data.frame") at test-id_converter.R:17:5
[ FAIL 13 | WARN 0 | SKIP 4 | PASS 273 ]
Error: Test failures
Execution halted
Flavor: r-devel-linux-x86_64-debian-gcc
Version: 1.2.0
Check: tests
Result: ERROR
Running ‘test-all.R’ [2m/17m]
Running the tests in ‘tests/test-all.R’ failed.
Complete output:
> library("testthat")
> test_check("rcrossref")
Loading required package: rcrossref
[ FAIL 13 | WARN 0 | SKIP 4 | PASS 273 ]
══ Skipped tests (4) ═══════════════════════════════════════════════════════════
• On CRAN (4): 'test-cr_abstract.R:1:1', 'test-cr_works.R:225:3',
'test-cr_works_.R:97:3', 'test-id_converter.R:24:3'
══ Failed tests ════════════════════════════════════════════════════════════════
── Failure ('test-cr_works.R:110:5'): cr_works - parses funders correctly ──────
Names of bb$data$funder[[1]] ('DOI', 'name', 'doi.asserted.by', 'id.id', 'id.id.type', 'id.asserted.by') don't match 'DOI', 'name', 'doi.asserted.by'
Backtrace:
▆
1. ├─vcr::use_cassette(...) at test-cr_works.R:94:3
2. │ └─cassette$call_block(...)
3. └─testthat::expect_named(...) at test-cr_works.R:110:5
── Failure ('test-cr_works.R:120:5'): cr_works - parses funders correctly ──────
Names of dd$data$funder[[1]] ('DOI', 'award', 'doi.asserted.by', 'id.asserted.by', 'id.id', 'id.id.type', 'name') don't match 'DOI', 'award', 'doi.asserted.by', 'name'
Backtrace:
▆
1. ├─vcr::use_cassette(...) at test-cr_works.R:94:3
2. │ └─cassette$call_block(...)
3. └─testthat::expect_named(...) at test-cr_works.R:120:5
── Failure ('test-cr_works.R:127:5'): cr_works - parses funders correctly ──────
Names of dd$data$funder[[1]] ('DOI', 'award', 'doi.asserted.by', 'id.asserted.by', 'id.id', 'id.id.type', 'name') don't match 'DOI', 'award', 'doi.asserted.by', 'name'
Backtrace:
▆
1. ├─vcr::use_cassette(...) at test-cr_works.R:94:3
2. │ └─cassette$call_block(...)
3. └─testthat::expect_named(...) at test-cr_works.R:127:5
── Failure ('test-cr_works.R:134:5'): cr_works - parses funders correctly ──────
Names of ee$data$funder[[1]] ('DOI', 'name', 'doi.asserted.by', 'award', 'id.id', 'id.id.type', 'id.asserted.by') don't match 'DOI', 'name', 'doi.asserted.by', 'award'
Backtrace:
▆
1. ├─vcr::use_cassette(...) at test-cr_works.R:94:3
2. │ └─cassette$call_block(...)
3. └─testthat::expect_named(...) at test-cr_works.R:134:5
── Failure ('test-cr_works.R:140:5'): cr_works - parses funders correctly ──────
Names of ff$data$funder[[1]] ('DOI', 'name', 'doi.asserted.by', 'id.id', 'id.id.type', 'id.asserted.by') don't match 'DOI', 'name', 'doi.asserted.by'
Backtrace:
▆
1. ├─vcr::use_cassette(...) at test-cr_works.R:94:3
2. │ └─cassette$call_block(...)
3. └─testthat::expect_named(...) at test-cr_works.R:140:5
── Failure ('test-cr_works.R:145:5'): cr_works - parses funders correctly ──────
Names of gg$data$funder[[1]] ('DOI', 'name', 'doi.asserted.by', 'award', 'id.id', 'id.id.type', 'id.asserted.by') don't match 'DOI', 'name', 'doi.asserted.by', 'award'
Backtrace:
▆
1. ├─vcr::use_cassette(...) at test-cr_works.R:94:3
2. │ └─cassette$call_block(...)
3. └─testthat::expect_named(...) at test-cr_works.R:145:5
── Failure ('test-cr_works.R:151:5'): cr_works - parses funders correctly ──────
Names of hh$data$funder[[1]] ('DOI', 'award', 'award1', 'award2', 'doi.asserted.by', 'id.asserted.by', 'id.id', 'id.id.type', 'name') don't match 'DOI', 'award', 'award1', 'award2', 'doi.asserted.by', 'name'
Backtrace:
▆
1. ├─vcr::use_cassette(...) at test-cr_works.R:94:3
2. │ └─cassette$call_block(...)
3. └─testthat::expect_named(...) at test-cr_works.R:151:5
── Failure ('test-cr_works_.R:92:5'): cr_works_ - parses funders correctly ─────
Names of bb$message$funder ('DOI', 'name', 'doi-asserted-by', 'id') don't match 'DOI', 'name', 'doi-asserted-by'
── Failure ('test-id_converter.R:9:5'): id_converter returns ───────────────────
Names of `a` ('status', 'response-date', 'request', 'records') don't match 'status', 'responseDate', 'request', 'records'
Backtrace:
▆
1. ├─vcr::use_cassette(...) at test-id_converter.R:4:3
2. │ └─cassette$call_block(...)
3. └─testthat::expect_named(...) at test-id_converter.R:9:5
── Failure ('test-id_converter.R:11:5'): id_converter returns ──────────────────
a$responseDate inherits from `'NULL'` not `'character'`.
Backtrace:
▆
1. ├─vcr::use_cassette(...) at test-id_converter.R:4:3
2. │ └─cassette$call_block(...)
3. └─testthat::expect_is(a$responseDate, "character") at test-id_converter.R:11:5
── Failure ('test-id_converter.R:12:5'): id_converter returns ──────────────────
a$request inherits from `'list'` not `'character'`.
Backtrace:
▆
1. ├─vcr::use_cassette(...) at test-id_converter.R:4:3
2. │ └─cassette$call_block(...)
3. └─testthat::expect_is(a$request, "character") at test-id_converter.R:12:5
── Failure ('test-id_converter.R:16:5'): id_converter returns ──────────────────
a$records$pmid inherits from `'integer'` not `'character'`.
Backtrace:
▆
1. ├─vcr::use_cassette(...) at test-id_converter.R:4:3
2. │ └─cassette$call_block(...)
3. └─testthat::expect_is(a$records$pmid, "character") at test-id_converter.R:16:5
── Failure ('test-id_converter.R:17:5'): id_converter returns ──────────────────
a$records$versions[[1]] inherits from `'NULL'` not `'character'`.
Backtrace:
▆
1. ├─vcr::use_cassette(...) at test-id_converter.R:4:3
2. │ └─cassette$call_block(...)
3. └─testthat::expect_is(a$records$versions[[1]], "data.frame") at test-id_converter.R:17:5
[ FAIL 13 | WARN 0 | SKIP 4 | PASS 273 ]
Error: Test failures
Execution halted
Flavor: r-devel-linux-x86_64-fedora-clang
Version: 1.2.0
Check: tests
Result: ERROR
Running ‘test-all.R’ [2m/16m]
Running the tests in ‘tests/test-all.R’ failed.
Complete output:
> library("testthat")
> test_check("rcrossref")
Loading required package: rcrossref
[ FAIL 14 | WARN 0 | SKIP 4 | PASS 272 ]
══ Skipped tests (4) ═══════════════════════════════════════════════════════════
• On CRAN (4): 'test-cr_abstract.R:1:1', 'test-cr_works.R:225:3',
'test-cr_works_.R:97:3', 'test-id_converter.R:24:3'
══ Failed tests ════════════════════════════════════════════════════════════════
── Failure ('test-cr_r.R:22:5'): cr_r returns ──────────────────────────────────
length(d) not equal to 20.
1/1 mismatches
[1] 18 - 20 == -2
Backtrace:
▆
1. ├─vcr::use_cassette(...) at test-cr_r.R:4:3
2. │ └─cassette$call_block(...)
3. └─testthat::expect_equal(length(d), 20) at test-cr_r.R:22:5
── Failure ('test-cr_works.R:110:5'): cr_works - parses funders correctly ──────
Names of bb$data$funder[[1]] ('DOI', 'name', 'doi.asserted.by', 'id.id', 'id.id.type', 'id.asserted.by') don't match 'DOI', 'name', 'doi.asserted.by'
Backtrace:
▆
1. ├─vcr::use_cassette(...) at test-cr_works.R:94:3
2. │ └─cassette$call_block(...)
3. └─testthat::expect_named(...) at test-cr_works.R:110:5
── Failure ('test-cr_works.R:120:5'): cr_works - parses funders correctly ──────
Names of dd$data$funder[[1]] ('DOI', 'award', 'doi.asserted.by', 'id.asserted.by', 'id.id', 'id.id.type', 'name') don't match 'DOI', 'award', 'doi.asserted.by', 'name'
Backtrace:
▆
1. ├─vcr::use_cassette(...) at test-cr_works.R:94:3
2. │ └─cassette$call_block(...)
3. └─testthat::expect_named(...) at test-cr_works.R:120:5
── Failure ('test-cr_works.R:127:5'): cr_works - parses funders correctly ──────
Names of dd$data$funder[[1]] ('DOI', 'award', 'doi.asserted.by', 'id.asserted.by', 'id.id', 'id.id.type', 'name') don't match 'DOI', 'award', 'doi.asserted.by', 'name'
Backtrace:
▆
1. ├─vcr::use_cassette(...) at test-cr_works.R:94:3
2. │ └─cassette$call_block(...)
3. └─testthat::expect_named(...) at test-cr_works.R:127:5
── Failure ('test-cr_works.R:134:5'): cr_works - parses funders correctly ──────
Names of ee$data$funder[[1]] ('DOI', 'name', 'doi.asserted.by', 'award', 'id.id', 'id.id.type', 'id.asserted.by') don't match 'DOI', 'name', 'doi.asserted.by', 'award'
Backtrace:
▆
1. ├─vcr::use_cassette(...) at test-cr_works.R:94:3
2. │ └─cassette$call_block(...)
3. └─testthat::expect_named(...) at test-cr_works.R:134:5
── Failure ('test-cr_works.R:140:5'): cr_works - parses funders correctly ──────
Names of ff$data$funder[[1]] ('DOI', 'name', 'doi.asserted.by', 'id.id', 'id.id.type', 'id.asserted.by') don't match 'DOI', 'name', 'doi.asserted.by'
Backtrace:
▆
1. ├─vcr::use_cassette(...) at test-cr_works.R:94:3
2. │ └─cassette$call_block(...)
3. └─testthat::expect_named(...) at test-cr_works.R:140:5
── Failure ('test-cr_works.R:145:5'): cr_works - parses funders correctly ──────
Names of gg$data$funder[[1]] ('DOI', 'name', 'doi.asserted.by', 'award', 'id.id', 'id.id.type', 'id.asserted.by') don't match 'DOI', 'name', 'doi.asserted.by', 'award'
Backtrace:
▆
1. ├─vcr::use_cassette(...) at test-cr_works.R:94:3
2. │ └─cassette$call_block(...)
3. └─testthat::expect_named(...) at test-cr_works.R:145:5
── Failure ('test-cr_works.R:151:5'): cr_works - parses funders correctly ──────
Names of hh$data$funder[[1]] ('DOI', 'award', 'award1', 'award2', 'doi.asserted.by', 'id.asserted.by', 'id.id', 'id.id.type', 'name') don't match 'DOI', 'award', 'award1', 'award2', 'doi.asserted.by', 'name'
Backtrace:
▆
1. ├─vcr::use_cassette(...) at test-cr_works.R:94:3
2. │ └─cassette$call_block(...)
3. └─testthat::expect_named(...) at test-cr_works.R:151:5
── Failure ('test-cr_works_.R:92:5'): cr_works_ - parses funders correctly ─────
Names of bb$message$funder ('DOI', 'name', 'doi-asserted-by', 'id') don't match 'DOI', 'name', 'doi-asserted-by'
── Failure ('test-id_converter.R:9:5'): id_converter returns ───────────────────
Names of `a` ('status', 'response-date', 'request', 'records') don't match 'status', 'responseDate', 'request', 'records'
Backtrace:
▆
1. ├─vcr::use_cassette(...) at test-id_converter.R:4:3
2. │ └─cassette$call_block(...)
3. └─testthat::expect_named(...) at test-id_converter.R:9:5
── Failure ('test-id_converter.R:11:5'): id_converter returns ──────────────────
a$responseDate inherits from `'NULL'` not `'character'`.
Backtrace:
▆
1. ├─vcr::use_cassette(...) at test-id_converter.R:4:3
2. │ └─cassette$call_block(...)
3. └─testthat::expect_is(a$responseDate, "character") at test-id_converter.R:11:5
── Failure ('test-id_converter.R:12:5'): id_converter returns ──────────────────
a$request inherits from `'list'` not `'character'`.
Backtrace:
▆
1. ├─vcr::use_cassette(...) at test-id_converter.R:4:3
2. │ └─cassette$call_block(...)
3. └─testthat::expect_is(a$request, "character") at test-id_converter.R:12:5
── Failure ('test-id_converter.R:16:5'): id_converter returns ──────────────────
a$records$pmid inherits from `'integer'` not `'character'`.
Backtrace:
▆
1. ├─vcr::use_cassette(...) at test-id_converter.R:4:3
2. │ └─cassette$call_block(...)
3. └─testthat::expect_is(a$records$pmid, "character") at test-id_converter.R:16:5
── Failure ('test-id_converter.R:17:5'): id_converter returns ──────────────────
a$records$versions[[1]] inherits from `'NULL'` not `'character'`.
Backtrace:
▆
1. ├─vcr::use_cassette(...) at test-id_converter.R:4:3
2. │ └─cassette$call_block(...)
3. └─testthat::expect_is(a$records$versions[[1]], "data.frame") at test-id_converter.R:17:5
[ FAIL 14 | WARN 0 | SKIP 4 | PASS 272 ]
Error: Test failures
Execution halted
Flavor: r-devel-linux-x86_64-fedora-gcc
Version: 1.2.0
Check: tests
Result: ERROR
Running 'test-all.R' [24m]
Running the tests in 'tests/test-all.R' failed.
Complete output:
> library("testthat")
> test_check("rcrossref")
Loading required package: rcrossref
[ FAIL 24 | WARN 5 | SKIP 4 | PASS 262 ]
══ Skipped tests (4) ═══════════════════════════════════════════════════════════
• On CRAN (4): 'test-cr_abstract.R:1:1', 'test-cr_works.R:225:3',
'test-cr_works_.R:97:3', 'test-id_converter.R:24:3'
══ Failed tests ════════════════════════════════════════════════════════════════
── Failure ('test-cr_journals.R:16:5'): cr_journals paging works correctly ─────
NROW(cr_journals(issn = "1803-2427", works = TRUE, limit = 5)$data) not equal to 5.
1/1 mismatches
[1] 3 - 5 == -2
Backtrace:
▆
1. ├─vcr::use_cassette(...) at test-cr_journals.R:14:3
2. │ └─cassette$call_block(...)
3. └─testthat::expect_equal(...) at test-cr_journals.R:16:5
── Failure ('test-cr_journals.R:51:5'): cr_journals warns correctly ────────────
NROW(suppressWarnings(cr_journals(issn = c("blblbl", "1932-6203")))$data) not equal to 1.
1/1 mismatches
[1] 0 - 1 == -1
Backtrace:
▆
1. ├─vcr::use_cassette(...) at test-cr_journals.R:47:3
2. │ └─cassette$call_block(...)
3. └─testthat::expect_equal(...) at test-cr_journals.R:51:5
── Failure ('test-cr_journals.R:62:5'): ISSNs that used to fail badly - should fail better now ──
NROW(...) not equal to 2.
1/1 mismatches
[1] 1 - 2 == -1
Backtrace:
▆
1. ├─vcr::use_cassette(...) at test-cr_journals.R:57:3
2. │ └─cassette$call_block(...)
3. └─testthat::expect_equal(...) at test-cr_journals.R:62:5
── Failure ('test-cr_r.R:15:5'): cr_r returns ──────────────────────────────────
`d` inherits from `'NULL'` not `'character'`.
Backtrace:
▆
1. ├─vcr::use_cassette(...) at test-cr_r.R:4:3
2. │ └─cassette$call_block(...)
3. └─testthat::expect_is(d, "character") at test-cr_r.R:15:5
── Failure ('test-cr_r.R:22:5'): cr_r returns ──────────────────────────────────
length(d) not equal to 20.
1/1 mismatches
[1] 0 - 20 == -20
Backtrace:
▆
1. ├─vcr::use_cassette(...) at test-cr_r.R:4:3
2. │ └─cassette$call_block(...)
3. └─testthat::expect_equal(length(d), 20) at test-cr_r.R:22:5
── Failure ('test-cr_works.R:34:5'): cr_works returns ──────────────────────────
f$meta inherits from `'NULL'` not `'character'`.
Backtrace:
▆
1. ├─vcr::use_cassette(...) at test-cr_works.R:4:3
2. │ └─cassette$call_block(...)
3. └─testthat::expect_is(f$meta, "data.frame") at test-cr_works.R:34:5
── Failure ('test-cr_works.R:35:5'): cr_works returns ──────────────────────────
f$facets inherits from `'NULL'` not `'character'`.
Backtrace:
▆
1. ├─vcr::use_cassette(...) at test-cr_works.R:4:3
2. │ └─cassette$call_block(...)
3. └─testthat::expect_is(f$facets, "list") at test-cr_works.R:35:5
── Failure ('test-cr_works.R:36:5'): cr_works returns ──────────────────────────
f$facets$license inherits from `'NULL'` not `'character'`.
Backtrace:
▆
1. ├─vcr::use_cassette(...) at test-cr_works.R:4:3
2. │ └─cassette$call_block(...)
3. └─testthat::expect_is(f$facets$license, "data.frame") at test-cr_works.R:36:5
── Failure ('test-cr_works.R:37:5'): cr_works returns ──────────────────────────
f$facets$license$.id inherits from `'NULL'` not `'character'`.
Backtrace:
▆
1. ├─vcr::use_cassette(...) at test-cr_works.R:4:3
2. │ └─cassette$call_block(...)
3. └─testthat::expect_is(f$facets$license$.id, "character") at test-cr_works.R:37:5
── Failure ('test-cr_works.R:49:5'): cr_works returns ──────────────────────────
length(f) not equal to 3.
1/1 mismatches
[1] 1 - 3 == -2
Backtrace:
▆
1. ├─vcr::use_cassette(...) at test-cr_works.R:4:3
2. │ └─cassette$call_block(...)
3. └─testthat::expect_equal(length(f), 3) at test-cr_works.R:49:5
── Failure ('test-cr_works.R:110:5'): cr_works - parses funders correctly ──────
Names of bb$data$funder[[1]] ('DOI', 'name', 'doi.asserted.by', 'id.id', 'id.id.type', 'id.asserted.by') don't match 'DOI', 'name', 'doi.asserted.by'
Backtrace:
▆
1. ├─vcr::use_cassette(...) at test-cr_works.R:94:3
2. │ └─cassette$call_block(...)
3. └─testthat::expect_named(...) at test-cr_works.R:110:5
── Failure ('test-cr_works.R:120:5'): cr_works - parses funders correctly ──────
Names of dd$data$funder[[1]] ('DOI', 'award', 'doi.asserted.by', 'id.asserted.by', 'id.id', 'id.id.type', 'name') don't match 'DOI', 'award', 'doi.asserted.by', 'name'
Backtrace:
▆
1. ├─vcr::use_cassette(...) at test-cr_works.R:94:3
2. │ └─cassette$call_block(...)
3. └─testthat::expect_named(...) at test-cr_works.R:120:5
── Failure ('test-cr_works.R:127:5'): cr_works - parses funders correctly ──────
Names of dd$data$funder[[1]] ('DOI', 'award', 'doi.asserted.by', 'id.asserted.by', 'id.id', 'id.id.type', 'name') don't match 'DOI', 'award', 'doi.asserted.by', 'name'
Backtrace:
▆
1. ├─vcr::use_cassette(...) at test-cr_works.R:94:3
2. │ └─cassette$call_block(...)
3. └─testthat::expect_named(...) at test-cr_works.R:127:5
── Failure ('test-cr_works.R:134:5'): cr_works - parses funders correctly ──────
Names of ee$data$funder[[1]] ('DOI', 'name', 'doi.asserted.by', 'award', 'id.id', 'id.id.type', 'id.asserted.by') don't match 'DOI', 'name', 'doi.asserted.by', 'award'
Backtrace:
▆
1. ├─vcr::use_cassette(...) at test-cr_works.R:94:3
2. │ └─cassette$call_block(...)
3. └─testthat::expect_named(...) at test-cr_works.R:134:5
── Failure ('test-cr_works.R:140:5'): cr_works - parses funders correctly ──────
Names of ff$data$funder[[1]] ('DOI', 'name', 'doi.asserted.by', 'id.id', 'id.id.type', 'id.asserted.by') don't match 'DOI', 'name', 'doi.asserted.by'
Backtrace:
▆
1. ├─vcr::use_cassette(...) at test-cr_works.R:94:3
2. │ └─cassette$call_block(...)
3. └─testthat::expect_named(...) at test-cr_works.R:140:5
── Failure ('test-cr_works.R:145:5'): cr_works - parses funders correctly ──────
Names of gg$data$funder[[1]] ('DOI', 'name', 'doi.asserted.by', 'award', 'id.id', 'id.id.type', 'id.asserted.by') don't match 'DOI', 'name', 'doi.asserted.by', 'award'
Backtrace:
▆
1. ├─vcr::use_cassette(...) at test-cr_works.R:94:3
2. │ └─cassette$call_block(...)
3. └─testthat::expect_named(...) at test-cr_works.R:145:5
── Failure ('test-cr_works.R:151:5'): cr_works - parses funders correctly ──────
Names of hh$data$funder[[1]] ('DOI', 'award', 'award1', 'award2', 'doi.asserted.by', 'id.asserted.by', 'id.id', 'id.id.type', 'name') don't match 'DOI', 'award', 'award1', 'award2', 'doi.asserted.by', 'name'
Backtrace:
▆
1. ├─vcr::use_cassette(...) at test-cr_works.R:94:3
2. │ └─cassette$call_block(...)
3. └─testthat::expect_named(...) at test-cr_works.R:151:5
── Failure ('test-cr_works_.R:92:5'): cr_works_ - parses funders correctly ─────
Names of bb$message$funder ('DOI', 'name', 'doi-asserted-by', 'id') don't match 'DOI', 'name', 'doi-asserted-by'
── Failure ('test-cr_works_cursor.R:14:5'): cr_works cursor basic functionality works ──
NROW(aa$data) not equal to 300.
1/1 mismatches
[1] 397 - 300 == 97
Backtrace:
▆
1. ├─vcr::use_cassette(...) at test-cr_works_cursor.R:4:3
2. │ └─cassette$call_block(...)
3. └─testthat::expect_equal(NROW(aa$data), 300) at test-cr_works_cursor.R:14:5
── Failure ('test-id_converter.R:9:5'): id_converter returns ───────────────────
Names of `a` ('status', 'response-date', 'request', 'records') don't match 'status', 'responseDate', 'request', 'records'
Backtrace:
▆
1. ├─vcr::use_cassette(...) at test-id_converter.R:4:3
2. │ └─cassette$call_block(...)
3. └─testthat::expect_named(...) at test-id_converter.R:9:5
── Failure ('test-id_converter.R:11:5'): id_converter returns ──────────────────
a$responseDate inherits from `'NULL'` not `'character'`.
Backtrace:
▆
1. ├─vcr::use_cassette(...) at test-id_converter.R:4:3
2. │ └─cassette$call_block(...)
3. └─testthat::expect_is(a$responseDate, "character") at test-id_converter.R:11:5
── Failure ('test-id_converter.R:12:5'): id_converter returns ──────────────────
a$request inherits from `'list'` not `'character'`.
Backtrace:
▆
1. ├─vcr::use_cassette(...) at test-id_converter.R:4:3
2. │ └─cassette$call_block(...)
3. └─testthat::expect_is(a$request, "character") at test-id_converter.R:12:5
── Failure ('test-id_converter.R:16:5'): id_converter returns ──────────────────
a$records$pmid inherits from `'integer'` not `'character'`.
Backtrace:
▆
1. ├─vcr::use_cassette(...) at test-id_converter.R:4:3
2. │ └─cassette$call_block(...)
3. └─testthat::expect_is(a$records$pmid, "character") at test-id_converter.R:16:5
── Failure ('test-id_converter.R:17:5'): id_converter returns ──────────────────
a$records$versions[[1]] inherits from `'NULL'` not `'character'`.
Backtrace:
▆
1. ├─vcr::use_cassette(...) at test-id_converter.R:4:3
2. │ └─cassette$call_block(...)
3. └─testthat::expect_is(a$records$versions[[1]], "data.frame") at test-id_converter.R:17:5
[ FAIL 24 | WARN 5 | SKIP 4 | PASS 262 ]
Error: Test failures
Execution halted
Flavor: r-devel-windows-x86_64
Version: 1.2.0
Check: HTML version of manual
Result: FAIL
Check process probably crashed or hung up for 20 minutes ... killed
Most likely this happened in the example checks (?),
if not, ignore the following last lines of example output:
> ##D # manuscript id
> ##D id_converter("NIHMS311352")
> ##D
> ##D # more than 1 ID
> ##D id_converter(c("PMC3531190","PMC3245039"))
> ##D
> ##D # error, wrong type passed for id given
> ##D # id_converter("PMC2883744", "doi")
> ##D # error, 200 ids or less
> ##D # ids <- cr_r(100)
> ##D # id_converter(c(ids, ids, ids))
> ## End(Not run)
>
>
>
> ### * <FOOTER>
> ###
> cleanEx()
> options(digits = 7L)
> base::cat("Time elapsed: ", proc.time() - base::get("ptime", pos = 'CheckExEnv'),"\n")
Time elapsed: 2.05 0.22 2.27 NA NA
> grDevices::dev.off()
null device
1
> ###
> ### Local variables: ***
> ### mode: outline-minor ***
> ### outline-regexp: "\\(> \\)?### [*]+" ***
> ### End: ***
> quit('no')
======== End of example output (where/before crash/hang up occured ?) ========
Flavor: r-devel-windows-x86_64