CRAN Package Check Results for Package regsubseq

Last updated on 2025-07-23 09:51:18 CEST.

Flavor Version Tinstall Tcheck Ttotal Status Flags
r-devel-linux-x86_64-debian-clang 0.12 2.78 18.99 21.77 NOTE
r-devel-linux-x86_64-debian-gcc 0.12 2.52 15.69 18.21 NOTE
r-devel-linux-x86_64-fedora-clang 0.12 34.70 OK
r-devel-linux-x86_64-fedora-gcc 0.12 32.12 OK
r-devel-windows-x86_64 0.12 5.00 38.00 43.00 OK
r-patched-linux-x86_64 0.12 3.13 18.02 21.15 OK
r-release-linux-x86_64 0.12 2.89 17.95 20.84 OK
r-release-macos-arm64 0.12 15.00 OK
r-release-macos-x86_64 0.12 24.00 OK
r-release-windows-x86_64 0.12 6.00 42.00 48.00 OK
r-oldrel-macos-arm64 0.12 14.00 OK
r-oldrel-macos-x86_64 0.12 21.00 OK
r-oldrel-windows-x86_64 0.12 6.00 38.00 44.00 OK

Check Details

Version: 0.12
Check: CRAN incoming feasibility
Result: NOTE Maintainer: ‘Yanming Di<diy@stat.oregonstate.edu>’ No Authors@R field in DESCRIPTION. Please add one, modifying Authors@R: person(given = "Yanming", family = "Di", role = c("aut", "cre"), email = "diy@stat.oregonstate.edu") as necessary. Flavors: r-devel-linux-x86_64-debian-clang, r-devel-linux-x86_64-debian-gcc