CRAN Package Check Results for Package robfilter

Last updated on 2025-10-02 09:49:43 CEST.

Flavor Version Tinstall Tcheck Ttotal Status Flags
r-devel-linux-x86_64-debian-clang 4.1.5 20.54 80.21 100.75 NOTE
r-devel-linux-x86_64-debian-gcc 4.1.5 12.85 54.43 67.28 NOTE
r-devel-linux-x86_64-fedora-clang 4.1.5 163.73 NOTE
r-devel-linux-x86_64-fedora-gcc 4.1.5 150.56 NOTE
r-devel-windows-x86_64 4.1.5 23.00 101.00 124.00 NOTE
r-patched-linux-x86_64 4.1.5 17.13 75.18 92.31 NOTE
r-release-linux-x86_64 4.1.5 17.72 75.77 93.49 NOTE
r-release-macos-arm64 4.1.5 43.00 NOTE
r-release-macos-x86_64 4.1.5 90.00 NOTE
r-release-windows-x86_64 4.1.5 24.00 100.00 124.00 NOTE
r-oldrel-macos-arm64 4.1.5 46.00 OK
r-oldrel-macos-x86_64 4.1.5 104.00 OK
r-oldrel-windows-x86_64 4.1.5 25.00 125.00 150.00 OK

Check Details

Version: 4.1.5
Check: compiled code
Result: NOTE File ‘robfilter/libs/robfilter.so’: Found non-API call to R: ‘Rf_isFrame’ Compiled code should not call non-API entry points in R. See ‘Writing portable packages’ in the ‘Writing R Extensions’ manual, and section ‘Moving into C API compliance’ for issues with the use of non-API entry points. Flavors: r-devel-linux-x86_64-debian-clang, r-devel-linux-x86_64-debian-gcc, r-devel-linux-x86_64-fedora-clang, r-devel-linux-x86_64-fedora-gcc, r-patched-linux-x86_64, r-release-linux-x86_64, r-release-macos-arm64, r-release-macos-x86_64

Version: 4.1.5
Check: compiled code
Result: NOTE File 'robfilter/libs/x64/robfilter.dll': Found non-API call to R: 'Rf_isFrame' Compiled code should not call non-API entry points in R. See 'Writing portable packages' in the 'Writing R Extensions' manual, and section 'Moving into C API compliance' for issues with the use of non-API entry points. Flavors: r-devel-windows-x86_64, r-release-windows-x86_64