Last updated on 2025-07-25 09:50:57 CEST.
Flavor | Version | Tinstall | Tcheck | Ttotal | Status | Flags |
---|---|---|---|---|---|---|
r-devel-linux-x86_64-debian-clang | 1.1.5 | 16.85 | 31.64 | 48.49 | NOTE | |
r-devel-linux-x86_64-debian-gcc | 1.1.5 | 12.34 | 25.39 | 37.73 | NOTE | |
r-devel-linux-x86_64-fedora-clang | 1.1.5 | 88.52 | OK | |||
r-devel-linux-x86_64-fedora-gcc | 1.1.5 | 77.03 | OK | |||
r-devel-windows-x86_64 | 1.1.5 | 24.00 | 68.00 | 92.00 | OK | |
r-patched-linux-x86_64 | 1.1.5 | 16.85 | 29.80 | 46.65 | OK | |
r-release-linux-x86_64 | 1.1.5 | 17.44 | 29.93 | 47.37 | OK | |
r-release-macos-arm64 | 1.1.5 | 29.00 | OK | |||
r-release-macos-x86_64 | 1.1.5 | 45.00 | OK | |||
r-release-windows-x86_64 | 1.1.5 | 23.00 | 68.00 | 91.00 | OK | |
r-oldrel-macos-arm64 | 1.1.5 | 28.00 | OK | |||
r-oldrel-macos-x86_64 | 1.1.5 | 36.00 | OK | |||
r-oldrel-windows-x86_64 | 1.1.5 | 29.00 | 80.00 | 109.00 | OK |
Version: 1.1.5
Check: CRAN incoming feasibility
Result: NOTE
Maintainer: ‘Eduardo García-Portugués <edgarcia@est-econ.uc3m.es>’
The BugReports field in DESCRIPTION has
https://github.com/egarpor/rotasym
which should likely be
https://github.com/egarpor/rotasym/issues
instead.
Flavors: r-devel-linux-x86_64-debian-clang, r-devel-linux-x86_64-debian-gcc