Last updated on 2025-10-03 09:49:55 CEST.
Flavor | Version | Tinstall | Tcheck | Ttotal | Status | Flags |
---|---|---|---|---|---|---|
r-devel-linux-x86_64-debian-clang | 2.4.1 | 20.44 | 161.96 | 182.40 | NOTE | |
r-devel-linux-x86_64-debian-gcc | 2.4.1 | 13.26 | 115.02 | 128.28 | NOTE | |
r-devel-linux-x86_64-fedora-clang | 2.4.1 | 276.18 | OK | |||
r-devel-linux-x86_64-fedora-gcc | 2.4.1 | 256.96 | OK | |||
r-devel-windows-x86_64 | 2.4.1 | 22.00 | 143.00 | 165.00 | OK | |
r-patched-linux-x86_64 | 2.4.1 | 19.59 | 152.81 | 172.40 | OK | |
r-release-linux-x86_64 | 2.4.1 | 19.69 | 151.61 | 171.30 | OK | |
r-release-macos-arm64 | 2.4.1 | 69.00 | OK | |||
r-release-macos-x86_64 | 2.4.1 | 130.00 | OK | |||
r-release-windows-x86_64 | 2.4.1 | 21.00 | 140.00 | 161.00 | OK | |
r-oldrel-macos-arm64 | 2.4.1 | 57.00 | OK | |||
r-oldrel-macos-x86_64 | 2.4.1 | 99.00 | OK | |||
r-oldrel-windows-x86_64 | 2.4.1 | 28.00 | 184.00 | 212.00 | OK |
Version: 2.4.1
Check: CRAN incoming feasibility
Result: NOTE
Maintainer: ‘Marko Robnik-Sikonja <marko.robnik@fri.uni-lj.si>’
No Authors@R field in DESCRIPTION.
Please add one, modifying
Authors@R: person(given = "Marko",
family = "Robnik-Sikonja",
role = c("aut", "cre"),
email = "marko.robnik@fri.uni-lj.si")
as necessary.
Flavors: r-devel-linux-x86_64-debian-clang, r-devel-linux-x86_64-debian-gcc