CRAN Package Check Results for Package simsalapar

Last updated on 2025-07-25 09:50:59 CEST.

Flavor Version Tinstall Tcheck Ttotal Status Flags
r-devel-linux-x86_64-debian-clang 1.0-13 4.91 73.61 78.52 OK
r-devel-linux-x86_64-debian-gcc 1.0-13 4.09 56.19 60.28 OK
r-devel-linux-x86_64-fedora-clang 1.0-13 121.49 OK
r-devel-linux-x86_64-fedora-gcc 1.0-13 119.56 OK
r-devel-windows-x86_64 1.0-12 7.00 103.00 110.00 NOTE
r-patched-linux-x86_64 1.0-12 6.11 70.58 76.69 NOTE
r-release-linux-x86_64 1.0-12 5.24 70.26 75.50 NOTE
r-release-macos-arm64 1.0-12 54.00 OK
r-release-macos-x86_64 1.0-13 106.00 OK
r-release-windows-x86_64 1.0-13 7.00 107.00 114.00 OK
r-oldrel-macos-arm64 1.0-12 49.00 NOTE
r-oldrel-macos-x86_64 1.0-13 105.00 NOTE
r-oldrel-windows-x86_64 1.0-13 10.00 127.00 137.00 OK

Check Details

Version: 1.0-12
Check: Rd cross-references
Result: NOTE Found the following Rd file(s) with Rd \link{} targets missing package anchors: device.Rd: pdf.end Please provide package anchors for all Rd \link{} targets not in the package itself and the base packages. Flavors: r-devel-windows-x86_64, r-patched-linux-x86_64, r-release-linux-x86_64

Version: 1.0-12
Check: for unstated dependencies in ‘demo’
Result: NOTE '::' or ':::' import not declared from: ‘codetools’ Flavors: r-patched-linux-x86_64, r-release-linux-x86_64

Version: 1.0-12
Check: package dependencies
Result: NOTE Package suggested but not available for checking: ‘Rmpi’ Flavor: r-oldrel-macos-arm64

Version: 1.0-12
Check: Rd cross-references
Result: NOTE Package unavailable to check Rd xrefs: ‘Rmpi’ Flavor: r-oldrel-macos-arm64

Version: 1.0-13
Check: package dependencies
Result: NOTE Package suggested but not available for checking: ‘Rmpi’ Flavor: r-oldrel-macos-x86_64

Version: 1.0-13
Check: Rd cross-references
Result: NOTE Package unavailable to check Rd xrefs: ‘Rmpi’ Flavor: r-oldrel-macos-x86_64