Last updated on 2025-07-23 09:51:21 CEST.
Flavor | Version | Tinstall | Tcheck | Ttotal | Status | Flags |
---|---|---|---|---|---|---|
r-devel-linux-x86_64-debian-clang | 0.1.4 | 3.96 | 39.11 | 43.07 | NOTE | |
r-devel-linux-x86_64-debian-gcc | 0.1.4 | 3.12 | 31.80 | 34.92 | NOTE | |
r-devel-linux-x86_64-fedora-clang | 0.1.4 | 65.45 | NOTE | |||
r-devel-linux-x86_64-fedora-gcc | 0.1.4 | 65.49 | NOTE | |||
r-devel-windows-x86_64 | 0.1.4 | 6.00 | 59.00 | 65.00 | NOTE | |
r-patched-linux-x86_64 | 0.1.4 | 3.74 | 36.67 | 40.41 | NOTE | |
r-release-linux-x86_64 | 0.1.4 | 3.99 | 36.97 | 40.96 | NOTE | |
r-release-macos-arm64 | 0.1.4 | 28.00 | NOTE | |||
r-release-macos-x86_64 | 0.1.4 | 43.00 | NOTE | |||
r-release-windows-x86_64 | 0.1.4 | 7.00 | 58.00 | 65.00 | NOTE | |
r-oldrel-macos-arm64 | 0.1.4 | 29.00 | NOTE | |||
r-oldrel-macos-x86_64 | 0.1.4 | 35.00 | NOTE | |||
r-oldrel-windows-x86_64 | 0.1.4 | 8.00 | 71.00 | 79.00 | NOTE |
Version: 0.1.4
Check: Rd files
Result: NOTE
checkRd: (-1) smdocker_log.Rd:34: Lost braces in \itemize; meant \describe ?
checkRd: (-1) smdocker_log.Rd:35-37: Lost braces in \itemize; meant \describe ?
checkRd: (-1) smdocker_log.Rd:38: Lost braces in \itemize; meant \describe ?
checkRd: (-1) smdocker_log.Rd:16: Lost braces in \itemize; meant \describe ?
checkRd: (-1) smdocker_log.Rd:17: Lost braces in \itemize; meant \describe ?
checkRd: (-1) smdocker_log.Rd:18: Lost braces in \itemize; meant \describe ?
checkRd: (-1) smdocker_log.Rd:19: Lost braces in \itemize; meant \describe ?
Flavors: r-devel-linux-x86_64-debian-clang, r-devel-linux-x86_64-debian-gcc, r-devel-linux-x86_64-fedora-clang, r-devel-linux-x86_64-fedora-gcc, r-devel-windows-x86_64, r-patched-linux-x86_64, r-release-linux-x86_64, r-release-macos-arm64, r-release-macos-x86_64, r-release-windows-x86_64, r-oldrel-macos-arm64, r-oldrel-macos-x86_64, r-oldrel-windows-x86_64