CRAN Package Check Results for Package spatialTIME

Last updated on 2025-07-23 09:51:22 CEST.

Flavor Version Tinstall Tcheck Ttotal Status Flags
r-devel-linux-x86_64-debian-clang 1.3.4-5 8.75 481.45 490.20 OK
r-devel-linux-x86_64-debian-gcc 1.3.4-5 5.33 375.82 381.15 OK
r-devel-linux-x86_64-fedora-clang FAIL
r-devel-linux-x86_64-fedora-gcc 1.3.4-5 993.17 OK
r-devel-windows-x86_64 1.3.4-5 10.00 282.00 292.00 OK
r-patched-linux-x86_64 1.3.4-5 8.07 543.20 551.27 OK
r-release-linux-x86_64 1.3.4-5 7.68 526.57 534.25 OK
r-release-macos-arm64 1.3.4-5 117.00 OK
r-release-macos-x86_64 1.3.4-5 207.00 OK
r-release-windows-x86_64 1.3.4-5 9.00 294.00 303.00 OK
r-oldrel-macos-arm64 1.3.4-5 119.00 OK
r-oldrel-macos-x86_64 1.3.4-5 227.00 OK
r-oldrel-windows-x86_64 1.3.4-5 14.00 340.00 354.00 OK

Check Details

Version: 1.3.4-5
Check: re-building of vignette outputs
Result: FAIL
Flavor: r-devel-linux-x86_64-fedora-clang