Last updated on 2025-07-23 09:51:22 CEST.
Flavor | Version | Tinstall | Tcheck | Ttotal | Status | Flags |
---|---|---|---|---|---|---|
r-devel-linux-x86_64-debian-clang | 3.3-6 | 40.65 | 430.06 | 470.71 | OK | |
r-devel-linux-x86_64-debian-gcc | 3.3-6 | 30.65 | 290.33 | 320.98 | OK | |
r-devel-linux-x86_64-fedora-clang | FAIL | |||||
r-devel-linux-x86_64-fedora-gcc | 3.3-6 | 783.32 | OK | |||
r-devel-windows-x86_64 | 3.3-6 | 48.00 | 489.00 | 537.00 | OK | |
r-patched-linux-x86_64 | 3.3-6 | 49.69 | 408.82 | 458.51 | OK | |
r-release-linux-x86_64 | 3.3-6 | 35.29 | 405.98 | 441.27 | OK | |
r-release-macos-arm64 | 3.3-6 | 171.00 | OK | |||
r-release-macos-x86_64 | 3.4-0 | 346.00 | OK | |||
r-release-windows-x86_64 | 3.3-6 | 49.00 | 490.00 | 539.00 | OK | |
r-oldrel-macos-arm64 | 3.3-6 | 180.00 | NOTE | |||
r-oldrel-macos-x86_64 | 3.4-0 | 341.00 | NOTE | |||
r-oldrel-windows-x86_64 | 3.3-6 | 62.00 | 638.00 | 700.00 | NOTE |
Version: 3.4-0
Check: Rd cross-references
Result: FAIL
Flavor: r-devel-linux-x86_64-fedora-clang
Version: 3.3-6
Check: package dependencies
Result: NOTE
Depends: includes the non-default packages:
'spatstat.data', 'spatstat.univar', 'spatstat.geom',
'spatstat.random', 'spatstat.explore', 'nlme', 'rpart'
Adding so many packages to the search path is excessive and importing
selectively is preferable.
Flavors: r-oldrel-macos-arm64, r-oldrel-windows-x86_64
Version: 3.4-0
Check: package dependencies
Result: NOTE
Depends: includes the non-default packages:
'spatstat.data', 'spatstat.univar', 'spatstat.geom',
'spatstat.random', 'spatstat.explore', 'nlme', 'rpart'
Adding so many packages to the search path is excessive and importing
selectively is preferable.
Flavor: r-oldrel-macos-x86_64