Last updated on 2025-10-01 09:49:56 CEST.
Flavor | Version | Tinstall | Tcheck | Ttotal | Status | Flags |
---|---|---|---|---|---|---|
r-devel-linux-x86_64-debian-clang | 1.0.0 | 5.52 | 89.61 | 95.13 | OK | |
r-devel-linux-x86_64-debian-gcc | 1.0.0 | 4.43 | 63.47 | 67.90 | OK | |
r-devel-linux-x86_64-fedora-clang | 1.0.0 | 144.96 | OK | |||
r-devel-linux-x86_64-fedora-gcc | 1.0.0 | 156.64 | OK | |||
r-devel-windows-x86_64 | 1.0.0 | 7.00 | 98.00 | 105.00 | OK | |
r-patched-linux-x86_64 | 1.0.0 | 5.00 | 85.10 | 90.10 | OK | |
r-release-linux-x86_64 | 1.0.0 | 4.63 | 85.57 | 90.20 | OK | |
r-release-macos-arm64 | 1.0.0 | 56.00 | OK | |||
r-release-macos-x86_64 | 1.0.0 | 108.00 | OK | |||
r-release-windows-x86_64 | 1.0.0 | 7.00 | 96622.00 | 96629.00 | ERROR | |
r-oldrel-macos-arm64 | 1.0.0 | 57.00 | OK | |||
r-oldrel-macos-x86_64 | 1.0.0 | 103.00 | OK | |||
r-oldrel-windows-x86_64 | 1.0.0 | 11.00 | 124.00 | 135.00 | OK |
Version: 1.0.0
Check: re-building of vignette outputs
Result: ERROR
Error(s) in re-building vignettes:
--- re-building 'article.Rmd' using rmarkdown
Error: processing vignette 'article.Rmd' failed with diagnostics:
pandoc document conversion failed with error 1
--- failed re-building 'article.Rmd'
--- re-building 'script.Rmd' using rmarkdown
--- finished re-building 'script.Rmd'
--- re-building 'starnet.Rmd' using rmarkdown
--- finished re-building 'starnet.Rmd'
SUMMARY: processing the following file failed:
'article.Rmd'
Error: Vignette re-building failed.
Execution halted
Flavor: r-release-windows-x86_64