Last updated on 2025-07-25 09:51:00 CEST.
Flavor | Version | Tinstall | Tcheck | Ttotal | Status | Flags |
---|---|---|---|---|---|---|
r-devel-linux-x86_64-debian-clang | 0.1.1 | 11.90 | 127.35 | 139.25 | NOTE | |
r-devel-linux-x86_64-debian-gcc | 0.1.1 | 8.35 | 92.00 | 100.35 | NOTE | |
r-devel-linux-x86_64-fedora-clang | 0.1.1 | 210.13 | OK | |||
r-devel-linux-x86_64-fedora-gcc | 0.1.1 | 204.38 | OK | |||
r-devel-windows-x86_64 | 0.1.1 | 14.00 | 140.00 | 154.00 | OK | |
r-patched-linux-x86_64 | 0.1.1 | 11.70 | 121.07 | 132.77 | OK | |
r-release-linux-x86_64 | 0.1.1 | 10.30 | 122.41 | 132.71 | OK | |
r-release-macos-arm64 | 0.1.1 | 75.00 | OK | |||
r-release-macos-x86_64 | 0.1.1 | 119.00 | OK | |||
r-release-windows-x86_64 | 0.1.1 | 13.00 | 137.00 | 150.00 | OK | |
r-oldrel-macos-arm64 | 0.1.1 | 63.00 | OK | |||
r-oldrel-macos-x86_64 | 0.1.1 | 98.00 | OK | |||
r-oldrel-windows-x86_64 | 0.1.1 | 18.00 | 169.00 | 187.00 | OK |
Version: 0.1.1
Check: CRAN incoming feasibility
Result: NOTE
Maintainer: ‘Pixu Shi <pixu.shi@duke.edu>’
No Authors@R field in DESCRIPTION.
Please add one, modifying
Authors@R: person(given = "Pixu",
family = "Shi",
role = c("aut", "cre"),
email = "pixu.shi@duke.edu")
as necessary.
Flavors: r-devel-linux-x86_64-debian-clang, r-devel-linux-x86_64-debian-gcc