Last updated on 2025-07-24 09:50:15 CEST.
Flavor | Version | Tinstall | Tcheck | Ttotal | Status | Flags |
---|---|---|---|---|---|---|
r-devel-linux-x86_64-debian-clang | 1.2-3 | 10.28 | 982.56 | 992.84 | OK | |
r-devel-linux-x86_64-debian-gcc | 1.2-3 | 7.95 | 617.10 | 625.05 | OK | |
r-devel-linux-x86_64-fedora-clang | 1.2-3 | 1629.62 | OK | |||
r-devel-linux-x86_64-fedora-gcc | 1.2-3 | 1527.97 | OK | |||
r-devel-windows-x86_64 | 1.2-3 | 13.00 | 437.00 | 450.00 | OK | |
r-patched-linux-x86_64 | 1.2-3 | 10.64 | 957.05 | 967.69 | OK | |
r-release-linux-x86_64 | 1.2-3 | 10.32 | 964.62 | 974.94 | OK | |
r-release-macos-arm64 | 1.2-3 | 397.00 | OK | |||
r-release-macos-x86_64 | 1.2-3 | 885.00 | OK | |||
r-release-windows-x86_64 | 1.2-3 | 14.00 | 436.00 | 450.00 | OK | |
r-oldrel-macos-arm64 | 1.2-3 | 435.00 | WARN | |||
r-oldrel-macos-x86_64 | 1.2-3 | 910.00 | WARN | |||
r-oldrel-windows-x86_64 | 1.2-3 | 16.00 | 619.00 | 635.00 | NOTE |
Version: 1.2-3
Check: DESCRIPTION meta-information
Result: NOTE
Package listed in more than one of Depends, Imports, Suggests, Enhances:
‘Stat2Data’
A package should be listed in only one of these fields.
Flavors: r-oldrel-macos-arm64, r-oldrel-macos-x86_64, r-oldrel-windows-x86_64
Version: 1.2-3
Check: package subdirectories
Result: WARN
Subdirectory 'demo' contains invalid file names:
‘NAMI.Rout.save’ ‘SCI_ePolr.Rout.save’ ‘hcc.Rout.save’
‘mtram.Rout.save’ ‘npb.Rout.save’ ‘npn.Rout.save’ ‘stram.Rout.save’
‘survtram.Rout.save’ ‘tram.Rout.save’ ‘undernutrition.Rout.save’
Please remove or rename the files.
See section ‘Package subdirectories’ in the ‘Writing R Extensions’
manual.
Flavors: r-oldrel-macos-arm64, r-oldrel-macos-x86_64