Last updated on 2025-07-25 09:51:01 CEST.
Flavor | Version | Tinstall | Tcheck | Ttotal | Status | Flags |
---|---|---|---|---|---|---|
r-devel-linux-x86_64-debian-clang | 0.5.0 | 3.66 | 39.38 | 43.04 | NOTE | |
r-devel-linux-x86_64-debian-gcc | 0.5.0 | 3.11 | 31.10 | 34.21 | NOTE | |
r-devel-linux-x86_64-fedora-clang | 0.5.0 | 72.13 | OK | |||
r-devel-linux-x86_64-fedora-gcc | 0.5.0 | 79.26 | OK | |||
r-devel-windows-x86_64 | 0.5.0 | 6.00 | 67.00 | 73.00 | OK | |
r-patched-linux-x86_64 | 0.5.0 | 3.91 | 37.65 | 41.56 | OK | |
r-release-linux-x86_64 | 0.5.0 | 4.01 | 37.91 | 41.92 | OK | |
r-release-macos-arm64 | 0.5.0 | 65.00 | OK | |||
r-release-macos-x86_64 | 0.5.0 | 55.00 | OK | |||
r-release-windows-x86_64 | 0.5.0 | 7.00 | 66.00 | 73.00 | OK | |
r-oldrel-macos-arm64 | 0.5.0 | 28.00 | OK | |||
r-oldrel-macos-x86_64 | 0.5.0 | 43.00 | OK | |||
r-oldrel-windows-x86_64 | 0.5.0 | 7.00 | 73.00 | 80.00 | OK |
Version: 0.5.0
Check: CRAN incoming feasibility
Result: NOTE
Maintainer: ‘Stéphane Laurent <laurent_step@outlook.fr>’
No Authors@R field in DESCRIPTION.
Please add one, modifying
Authors@R: person(given = "Stéphane",
family = "Laurent",
role = c("aut", "cre"),
email = "laurent_step@outlook.fr")
as necessary.
Flavors: r-devel-linux-x86_64-debian-clang, r-devel-linux-x86_64-debian-gcc