Last updated on 2025-07-23 09:51:24 CEST.
Flavor | Version | Tinstall | Tcheck | Ttotal | Status | Flags |
---|---|---|---|---|---|---|
r-devel-linux-x86_64-debian-clang | 1.2-2 | 2.45 | 25.03 | 27.48 | NOTE | |
r-devel-linux-x86_64-debian-gcc | 1.2-2 | 1.99 | 18.81 | 20.80 | NOTE | |
r-devel-linux-x86_64-fedora-clang | 1.2-2 | 42.21 | NOTE | |||
r-devel-linux-x86_64-fedora-gcc | 1.2-2 | 42.80 | NOTE | |||
r-devel-windows-x86_64 | 1.2-2 | 4.00 | 42.00 | 46.00 | NOTE | |
r-patched-linux-x86_64 | 1.2-2 | 3.00 | 23.50 | 26.50 | NOTE | |
r-release-linux-x86_64 | 1.2-2 | 2.58 | 23.20 | 25.78 | NOTE | |
r-release-macos-arm64 | 1.2-2 | 17.00 | NOTE | |||
r-release-macos-x86_64 | 1.2-2 | 38.00 | NOTE | |||
r-release-windows-x86_64 | 1.2-2 | 3.00 | 44.00 | 47.00 | NOTE | |
r-oldrel-macos-arm64 | 1.2-2 | 15.00 | NOTE | |||
r-oldrel-macos-x86_64 | 1.2-2 | 34.00 | NOTE | |||
r-oldrel-windows-x86_64 | 1.2-2 | 3.00 | 42.00 | 45.00 | NOTE |
Version: 1.2-2
Check: CRAN incoming feasibility
Result: NOTE
Maintainer: ‘Tyler Kendall <tsk@uoregon.edu>’
No Authors@R field in DESCRIPTION.
Please add one, modifying
Authors@R: c(person(given = "Tyler",
family = "Kendall",
role = c("aut", "cre"),
email = "tsk@uoregon.edu"),
person(given = c("Erik", "R."),
family = "Thomas",
role = "aut"))
as necessary.
Flavors: r-devel-linux-x86_64-debian-clang, r-devel-linux-x86_64-debian-gcc
Version: 1.2-2
Check: Rd files
Result: NOTE
checkRd: (-1) compute.means.Rd:23: Escaped LaTeX specials: \&
checkRd: (-1) norm.wattfabricius.Rd:5: Escaped LaTeX specials: \&
Flavors: r-devel-linux-x86_64-debian-clang, r-devel-linux-x86_64-debian-gcc, r-devel-linux-x86_64-fedora-clang, r-devel-linux-x86_64-fedora-gcc, r-devel-windows-x86_64, r-patched-linux-x86_64, r-release-linux-x86_64, r-release-macos-arm64, r-release-macos-x86_64, r-release-windows-x86_64, r-oldrel-macos-arm64, r-oldrel-macos-x86_64, r-oldrel-windows-x86_64